Last updated on 2025-01-19 05:49:16 CET.
Flavor | Version | Tinstall | Tcheck | Ttotal | Status | Flags |
---|---|---|---|---|---|---|
r-devel-linux-x86_64-debian-clang | 1.0.2 | 31.76 | 368.72 | 400.48 | OK | |
r-devel-linux-x86_64-debian-gcc | 1.0.2 | 22.11 | 219.28 | 241.39 | OK | |
r-devel-linux-x86_64-fedora-clang | 1.0.2 | 694.12 | OK | |||
r-devel-linux-x86_64-fedora-gcc | 1.0.2 | 686.85 | OK | |||
r-devel-windows-x86_64 | 1.0.2 | 37.00 | 364.00 | 401.00 | OK | |
r-patched-linux-x86_64 | 1.0.2 | 33.47 | 351.70 | 385.17 | OK | |
r-release-linux-x86_64 | 1.0.2 | 30.06 | 345.87 | 375.93 | OK | |
r-release-macos-arm64 | 1.0.2 | 133.00 | NOTE | |||
r-release-macos-x86_64 | 1.0.2 | 203.00 | NOTE | |||
r-release-windows-x86_64 | 1.0.2 | 34.00 | 359.00 | 393.00 | OK | |
r-oldrel-macos-arm64 | 1.0.2 | 157.00 | NOTE | |||
r-oldrel-macos-x86_64 | 1.0.2 | 418.00 | NOTE | |||
r-oldrel-windows-x86_64 | 1.0.2 | 37.00 | 426.00 | 463.00 | OK |
Version: 1.0.2
Check: installed package size
Result: NOTE
installed size is 5.6Mb
sub-directories of 1Mb or more:
doc 3.2Mb
libs 1.6Mb
Flavors: r-release-macos-arm64, r-release-macos-x86_64, r-oldrel-macos-arm64, r-oldrel-macos-x86_64