CRAN Package Check Results for Package onls

Last updated on 2025-01-19 05:49:16 CET.

Flavor Version Tinstall Tcheck Ttotal Status Flags
r-devel-linux-x86_64-debian-clang 0.1-2 2.73 36.48 39.21 NOTE
r-devel-linux-x86_64-debian-gcc 0.1-2 2.07 27.30 29.37 NOTE
r-devel-linux-x86_64-fedora-clang 0.1-2 62.67 OK
r-devel-linux-x86_64-fedora-gcc 0.1-2 120.13 OK
r-devel-windows-x86_64 0.1-2 3.00 97.00 100.00 NOTE
r-patched-linux-x86_64 0.1-2 3.72 35.36 39.08 OK
r-release-linux-x86_64 0.1-2 2.46 34.73 37.19 OK
r-release-macos-arm64 0.1-2 26.00 OK
r-release-macos-x86_64 0.1-2 41.00 OK
r-release-windows-x86_64 0.1-2 3.00 70.00 73.00 OK
r-oldrel-macos-arm64 0.1-2 30.00 OK
r-oldrel-macos-x86_64 0.1-2 46.00 OK
r-oldrel-windows-x86_64 0.1-2 4.00 60.00 64.00 OK

Check Details

Version: 0.1-2
Check: Rd cross-references
Result: NOTE Found the following Rd file(s) with Rd \link{} targets missing package anchors: onls.Rd: nls.lm.control, nls.lm Please provide package anchors for all Rd \link{} targets not in the package itself and the base packages. Flavors: r-devel-linux-x86_64-debian-clang, r-devel-linux-x86_64-debian-gcc, r-devel-windows-x86_64