Last updated on 2024-04-17 13:57:36 CEST.
Flavor | Version | Tinstall | Tcheck | Ttotal | Status | Flags |
---|---|---|---|---|---|---|
r-devel-linux-x86_64-debian-clang | 2.12 | 2.29 | 53.60 | 55.89 | OK | |
r-devel-linux-x86_64-debian-gcc | 2.12 | 1.68 | 41.37 | 43.05 | OK | |
r-devel-linux-x86_64-fedora-clang | 2.12 | 72.40 | NOTE | |||
r-devel-linux-x86_64-fedora-gcc | 2.12 | 83.18 | NOTE | |||
r-prerel-macos-arm64 | 2.12 | 30.00 | OK | |||
r-prerel-macos-x86_64 | 2.12 | 74.00 | OK | |||
r-prerel-windows-x86_64 | 2.12 | 4.00 | 62.00 | 66.00 | OK | |
r-patched-linux-x86_64 | 2.12 | 2.61 | 52.76 | 55.37 | OK | |
r-release-linux-x86_64 | 2.12 | 3.37 | 50.95 | 54.32 | OK | |
r-release-macos-arm64 | 2.12 | 38.00 | OK | |||
r-release-macos-x86_64 | 2.12 | 74.00 | OK | |||
r-release-windows-x86_64 | 2.12 | 4.00 | 68.00 | 72.00 | OK | |
r-oldrel-macos-arm64 | 2.12 | 32.00 | OK | |||
r-oldrel-windows-x86_64 | 2.12 | 4.00 | 66.00 | 70.00 | OK |
Version: 2.12
Check: data for non-ASCII characters
Result: NOTE
Note: found 4 marked UTF-8 strings
Flavors: r-devel-linux-x86_64-fedora-clang, r-devel-linux-x86_64-fedora-gcc