Last updated on 2025-01-19 05:49:16 CET.
Flavor | Version | Tinstall | Tcheck | Ttotal | Status | Flags |
---|---|---|---|---|---|---|
r-devel-linux-x86_64-debian-clang | 0.6.1 | 11.96 | 299.74 | 311.70 | OK | |
r-devel-linux-x86_64-debian-gcc | 0.6.1 | 9.50 | 195.98 | 205.48 | OK | |
r-devel-linux-x86_64-fedora-clang | 0.6.1 | 537.52 | OK | |||
r-devel-linux-x86_64-fedora-gcc | 0.6.1 | 420.93 | OK | |||
r-devel-windows-x86_64 | 0.6.1 | 17.00 | 259.00 | 276.00 | OK | |
r-patched-linux-x86_64 | 0.6.1 | 13.91 | 269.75 | 283.66 | NOTE | |
r-release-linux-x86_64 | 0.6.1 | 13.01 | 270.21 | 283.22 | NOTE | |
r-release-macos-arm64 | 0.6.1 | 135.00 | OK | |||
r-release-macos-x86_64 | 0.6.1 | 200.00 | OK | |||
r-release-windows-x86_64 | 0.6.1 | 16.00 | 255.00 | 271.00 | OK | |
r-oldrel-macos-arm64 | 0.6.1 | 145.00 | OK | |||
r-oldrel-macos-x86_64 | 0.6.1 | 386.00 | OK | |||
r-oldrel-windows-x86_64 | 0.6.1 | 18.00 | 333.00 | 351.00 | OK |
Version: 0.6.1
Check: package dependencies
Result: NOTE
Package suggested but not available for checking: ‘quanteda.textmodels’
Flavors: r-patched-linux-x86_64, r-release-linux-x86_64