Last updated on 2024-05-01 16:53:03 CEST.
Flavor | Version | Tinstall | Tcheck | Ttotal | Status | Flags |
---|---|---|---|---|---|---|
r-devel-linux-x86_64-debian-clang | 0.4 | 16.74 | 152.45 | 169.19 | OK | |
r-devel-linux-x86_64-debian-gcc | 0.4 | 15.78 | 112.22 | 128.00 | OK | |
r-devel-linux-x86_64-fedora-clang | 0.4 | 226.29 | OK | |||
r-devel-linux-x86_64-fedora-gcc | 0.4 | 211.95 | OK | |||
r-devel-windows-x86_64 | 0.4 | 16.00 | 120.00 | 136.00 | OK | |
r-patched-linux-x86_64 | 0.4 | 13.40 | 145.31 | 158.71 | OK | |
r-release-linux-x86_64 | 0.4 | 12.17 | 139.68 | 151.85 | OK | |
r-release-macos-arm64 | 0.4 | 5.00 | ERROR | |||
r-release-macos-x86_64 | 0.4 | 7.00 | ERROR | |||
r-release-windows-x86_64 | 0.4 | 16.00 | 118.00 | 134.00 | OK | |
r-oldrel-macos-arm64 | 0.4 | 10.00 | ERROR | |||
r-oldrel-macos-x86_64 | 0.4 | 8.00 | ERROR | |||
r-oldrel-windows-x86_64 | 0.4 | 21.00 | 141.00 | 162.00 | OK |
Version: 0.4
Check: package dependencies
Result: ERROR
Package required but not available: ‘mixAK’
See section ‘The DESCRIPTION file’ in the ‘Writing R Extensions’
manual.
Flavors: r-release-macos-arm64, r-release-macos-x86_64, r-oldrel-macos-arm64, r-oldrel-macos-x86_64