Last updated on 2025-01-19 05:49:16 CET.
Flavor | Version | Tinstall | Tcheck | Ttotal | Status | Flags |
---|---|---|---|---|---|---|
r-devel-linux-x86_64-debian-clang | 2.2.7 | 133.97 | 432.48 | 566.45 | OK | |
r-devel-linux-x86_64-debian-gcc | 2.2.7 | 124.38 | 323.83 | 448.21 | OK | |
r-devel-linux-x86_64-fedora-clang | 2.2.7 | 948.21 | OK | |||
r-devel-linux-x86_64-fedora-gcc | 2.2.7 | 1092.95 | OK | |||
r-devel-windows-x86_64 | 2.2.7 | 205.00 | 451.00 | 656.00 | OK | |
r-patched-linux-x86_64 | 2.2.7 | 178.99 | 462.33 | 641.32 | NOTE | |
r-release-linux-x86_64 | 2.2.7 | 177.52 | 456.65 | 634.17 | NOTE | |
r-release-macos-arm64 | 2.2.7 | 193.00 | NOTE | |||
r-release-macos-x86_64 | 2.2.7 | 316.00 | NOTE | |||
r-release-windows-x86_64 | 2.2.7 | 204.00 | 440.00 | 644.00 | NOTE | |
r-oldrel-macos-arm64 | 2.2.7 | 200.00 | NOTE | |||
r-oldrel-macos-x86_64 | 2.2.7 | 322.00 | NOTE | |||
r-oldrel-windows-x86_64 | 2.2.7 | 212.00 | 576.00 | 788.00 | NOTE |
Version: 2.2.7
Check: for GNU extensions in Makefiles
Result: NOTE
GNU make is a SystemRequirements.
Flavors: r-patched-linux-x86_64, r-release-linux-x86_64, r-release-macos-arm64, r-release-macos-x86_64, r-release-windows-x86_64, r-oldrel-macos-arm64, r-oldrel-macos-x86_64, r-oldrel-windows-x86_64
Version: 2.2.7
Check: installed package size
Result: NOTE
installed size is 6.4Mb
sub-directories of 1Mb or more:
exampledata 1.5Mb
libs 3.6Mb
Flavors: r-release-macos-arm64, r-release-macos-x86_64, r-oldrel-macos-arm64, r-oldrel-macos-x86_64