Last updated on 2025-01-19 05:49:16 CET.
Flavor | Version | Tinstall | Tcheck | Ttotal | Status | Flags |
---|---|---|---|---|---|---|
r-devel-linux-x86_64-debian-clang | 0.2.0 | 1.73 | 26.41 | 28.14 | OK | |
r-devel-linux-x86_64-debian-gcc | 0.2.0 | 1.32 | 20.90 | 22.22 | OK | |
r-devel-linux-x86_64-fedora-clang | 0.2.0 | 46.17 | NOTE | |||
r-devel-linux-x86_64-fedora-gcc | 0.2.0 | 58.30 | NOTE | |||
r-devel-windows-x86_64 | 0.2.0 | 4.00 | 54.00 | 58.00 | OK | |
r-patched-linux-x86_64 | 0.2.0 | 1.43 | 25.11 | 26.54 | OK | |
r-release-linux-x86_64 | 0.2.0 | 1.71 | 24.89 | 26.60 | OK | |
r-release-macos-arm64 | 0.2.0 | 61.00 | OK | |||
r-release-macos-x86_64 | 0.2.0 | 86.00 | OK | |||
r-release-windows-x86_64 | 0.2.0 | 4.00 | 52.00 | 56.00 | OK | |
r-oldrel-macos-arm64 | 0.2.0 | 70.00 | OK | |||
r-oldrel-macos-x86_64 | 0.2.0 | 82.00 | OK | |||
r-oldrel-windows-x86_64 | 0.2.0 | 4.00 | 52.00 | 56.00 | OK |
Version: 0.2.0
Check: dependencies in R code
Result: NOTE
Namespaces in Imports field not imported from:
‘RSQLite’ ‘rlang’ ‘tidyr’
All declared Imports should be used.
Flavors: r-devel-linux-x86_64-fedora-clang, r-devel-linux-x86_64-fedora-gcc