Last updated on 2025-01-19 05:49:16 CET.
Flavor | Version | Tinstall | Tcheck | Ttotal | Status | Flags |
---|---|---|---|---|---|---|
r-devel-linux-x86_64-debian-clang | 0.4.1 | 76.20 | 52.29 | 128.49 | OK | |
r-devel-linux-x86_64-debian-gcc | 0.4.1 | 53.65 | 32.24 | 85.89 | OK | |
r-devel-linux-x86_64-fedora-gcc | 0.4.1 | 250.45 | OK | |||
r-devel-windows-x86_64 | 0.4.1 | 103.00 | 182.00 | 285.00 | OK | |
r-patched-linux-x86_64 | 0.4.1 | 76.16 | 39.89 | 116.05 | OK | |
r-release-linux-x86_64 | 0.4.1 | 74.70 | 39.67 | 114.37 | OK | |
r-release-macos-arm64 | 0.4.1 | 54.00 | NOTE | |||
r-release-macos-x86_64 | 0.4.1 | 71.00 | NOTE | |||
r-release-windows-x86_64 | 0.4.1 | 101.00 | 175.00 | 276.00 | NOTE | |
r-oldrel-macos-arm64 | 0.4.1 | 53.00 | NOTE | |||
r-oldrel-macos-x86_64 | 0.4.1 | 78.00 | NOTE | |||
r-oldrel-windows-x86_64 | 0.4.1 | 114.00 | 210.00 | 324.00 | NOTE |
Version: 0.4.1
Check: installed package size
Result: NOTE
installed size is 31.3Mb
sub-directories of 1Mb or more:
libs 21.0Mb
share 10.2Mb
Flavors: r-release-macos-arm64, r-release-macos-x86_64, r-release-windows-x86_64, r-oldrel-macos-arm64, r-oldrel-macos-x86_64, r-oldrel-windows-x86_64