Last updated on 2025-01-19 05:49:16 CET.
Flavor | Version | Tinstall | Tcheck | Ttotal | Status | Flags |
---|---|---|---|---|---|---|
r-devel-linux-x86_64-debian-clang | 0.1.4 | 31.68 | 32.47 | 64.15 | OK | |
r-devel-linux-x86_64-debian-gcc | 0.1.4 | 20.05 | 25.22 | 45.27 | OK | |
r-devel-linux-x86_64-fedora-clang | 0.1.4 | 86.43 | ERROR | |||
r-devel-linux-x86_64-fedora-gcc | 0.1.4 | 129.54 | OK | |||
r-devel-windows-x86_64 | 0.1.4 | 41.00 | 110.00 | 151.00 | OK | |
r-patched-linux-x86_64 | 0.1.4 | 27.56 | 30.99 | 58.55 | OK | |
r-release-linux-x86_64 | 0.1.4 | 27.53 | 31.35 | 58.88 | OK | |
r-release-macos-arm64 | 0.1.4 | 67.00 | OK | |||
r-release-macos-x86_64 | 0.1.4 | 96.00 | OK | |||
r-release-windows-x86_64 | 0.1.4 | 45.00 | 123.00 | 168.00 | OK | |
r-oldrel-macos-arm64 | 0.1.4 | 67.00 | OK | |||
r-oldrel-macos-x86_64 | 0.1.4 | 105.00 | OK | |||
r-oldrel-windows-x86_64 | 0.1.4 | 44.00 | 114.00 | 158.00 | OK |
Version: 0.1.4
Check: whether package can be installed
Result: ERROR
Installation failed.
Flavor: r-devel-linux-x86_64-fedora-clang