CRAN Package Check Results for Package openssl

Last updated on 2018-01-16 12:47:11 CET.

Flavor Version Tinstall Tcheck Ttotal Status Flags
r-devel-linux-x86_64-debian-clang 0.9.9 6.99 46.58 53.57 OK
r-devel-linux-x86_64-debian-gcc 0.9.9 4.58 38.16 42.74 OK
r-devel-linux-x86_64-fedora-clang 0.9.9 64.18 OK
r-devel-linux-x86_64-fedora-gcc 0.9.9 58.86 OK
r-devel-windows-ix86+x86_64 0.9.9 81.00 107.00 188.00 NOTE
r-patched-linux-x86_64 0.9.9 4.51 43.69 48.20 OK
r-patched-solaris-x86 0.9.9 128.90 OK
r-release-linux-x86_64 0.9.9 3.86 44.44 48.30 OK
r-release-windows-ix86+x86_64 0.9.9 80.00 87.00 167.00 NOTE
r-release-osx-x86_64 0.9.9 NOTE
r-oldrel-windows-ix86+x86_64 0.9.9 71.00 85.00 156.00 NOTE
r-oldrel-osx-x86_64 0.9.9 NOTE

Check Details

Version: 0.9.9
Check: installed package size
Result: NOTE
     installed size is 7.8Mb
     sub-directories of 1Mb or more:
     doc 2.5Mb
     libs 5.0Mb
Flavors: r-devel-windows-ix86+x86_64, r-release-windows-ix86+x86_64, r-release-osx-x86_64, r-oldrel-windows-ix86+x86_64, r-oldrel-osx-x86_64