CRAN Package Check Results for Package openssl

Last updated on 2018-09-21 12:47:37 CEST.

Flavor Version Tinstall Tcheck Ttotal Status Flags
r-devel-linux-x86_64-debian-clang 1.0.2 8.30 40.24 48.54 OK
r-devel-linux-x86_64-debian-gcc 1.0.2 5.42 34.38 39.80 OK
r-devel-linux-x86_64-fedora-clang 1.0.2 61.22 OK
r-devel-linux-x86_64-fedora-gcc 1.0.2 58.35 OK
r-devel-windows-ix86+x86_64 1.0.2 71.00 130.00 201.00 NOTE
r-patched-linux-x86_64 1.0.2 7.16 39.46 46.62 OK
r-patched-solaris-x86 1.0.2 126.00 OK
r-release-linux-x86_64 1.0.2 5.48 38.54 44.02 OK
r-release-windows-ix86+x86_64 1.0.2 78.00 102.00 180.00 NOTE
r-release-osx-x86_64 1.0.2 NOTE
r-oldrel-windows-ix86+x86_64 1.0.2 56.00 134.00 190.00 NOTE
r-oldrel-osx-x86_64 1.0.2 NOTE

Check Details

Version: 1.0.2
Check: installed package size
Result: NOTE
     installed size is 8.0Mb
     sub-directories of 1Mb or more:
     doc 2.6Mb
     libs 5.0Mb
Flavors: r-devel-windows-ix86+x86_64, r-release-windows-ix86+x86_64, r-release-osx-x86_64, r-oldrel-windows-ix86+x86_64, r-oldrel-osx-x86_64