CRAN Package Check Results for Package openssl

Last updated on 2018-12-16 12:47:57 CET.

Flavor Version Tinstall Tcheck Ttotal Status Flags
r-devel-linux-x86_64-debian-clang 1.1 8.32 39.58 47.90 OK
r-devel-linux-x86_64-debian-gcc 1.1 5.26 31.82 37.08 OK
r-devel-linux-x86_64-fedora-clang 1.1 58.81 OK
r-devel-linux-x86_64-fedora-gcc 1.1 57.82 OK
r-devel-windows-ix86+x86_64 1.1 92.00 142.00 234.00 NOTE
r-patched-linux-x86_64 1.1 6.82 41.94 48.76 OK
r-patched-solaris-x86 1.1 128.40 OK
r-release-linux-x86_64 1.1 7.70 38.79 46.49 OK
r-release-windows-ix86+x86_64 1.1 56.00 130.00 186.00 NOTE
r-release-osx-x86_64 1.1 NOTE
r-oldrel-windows-ix86+x86_64 1.1 58.00 140.00 198.00 NOTE
r-oldrel-osx-x86_64 1.1 NOTE

Check Details

Version: 1.1
Check: installed package size
Result: NOTE
     installed size is 8.7Mb
     sub-directories of 1Mb or more:
     doc 2.6Mb
     libs 5.6Mb
Flavors: r-devel-windows-ix86+x86_64, r-release-windows-ix86+x86_64, r-release-osx-x86_64, r-oldrel-windows-ix86+x86_64, r-oldrel-osx-x86_64