CRAN Package Check Results for Package openssl

Last updated on 2018-06-21 12:48:36 CEST.

Flavor Version Tinstall Tcheck Ttotal Status Flags
r-devel-linux-x86_64-debian-clang 1.0.1 9.42 37.64 47.06 OK
r-devel-linux-x86_64-debian-gcc 1.0.1 4.98 31.36 36.34 OK
r-devel-linux-x86_64-fedora-clang 1.0.1 57.53 OK
r-devel-linux-x86_64-fedora-gcc 1.0.1 54.47 OK
r-devel-windows-ix86+x86_64 1.0.1 82.00 130.00 212.00 NOTE
r-patched-linux-x86_64 1.0.1 6.57 39.15 45.72 OK
r-patched-solaris-x86 1.0.1 129.30 OK
r-release-linux-x86_64 1.0.1 7.38 42.50 49.88 OK
r-release-windows-ix86+x86_64 1.0.1 54.00 102.00 156.00 NOTE
r-release-osx-x86_64 1.0.1 NOTE
r-oldrel-windows-ix86+x86_64 1.0.1 133.00 92.00 225.00 NOTE
r-oldrel-osx-x86_64 1.0.1 NOTE

Check Details

Version: 1.0.1
Check: installed package size
Result: NOTE
     installed size is 8.0Mb
     sub-directories of 1Mb or more:
     doc 2.6Mb
     libs 5.0Mb
Flavors: r-devel-windows-ix86+x86_64, r-release-windows-ix86+x86_64, r-release-osx-x86_64, r-oldrel-windows-ix86+x86_64, r-oldrel-osx-x86_64