Last updated on 2025-01-19 05:49:16 CET.
Flavor | Version | Tinstall | Tcheck | Ttotal | Status | Flags |
---|---|---|---|---|---|---|
r-devel-linux-x86_64-debian-clang | 4.2.7.1 | 98.09 | 116.82 | 214.91 | OK | |
r-devel-linux-x86_64-debian-gcc | 4.2.7.1 | 65.20 | 78.75 | 143.95 | OK | |
r-devel-linux-x86_64-fedora-clang | 4.2.7.1 | 360.63 | OK | |||
r-devel-linux-x86_64-fedora-gcc | 4.2.7.1 | 378.93 | OK | |||
r-devel-windows-x86_64 | 4.2.7.1 | 89.00 | 174.00 | 263.00 | OK | |
r-patched-linux-x86_64 | 4.2.7.1 | 99.95 | 107.48 | 207.43 | OK | |
r-release-linux-x86_64 | 4.2.7.1 | 93.39 | 108.21 | 201.60 | OK | |
r-release-macos-arm64 | 4.2.7.1 | 118.00 | NOTE | |||
r-release-macos-x86_64 | 4.2.7.1 | 173.00 | NOTE | |||
r-release-windows-x86_64 | 4.2.7.1 | 93.00 | 172.00 | 265.00 | OK | |
r-oldrel-macos-arm64 | 4.2.7.1 | 119.00 | NOTE | |||
r-oldrel-macos-x86_64 | 4.2.7.1 | 194.00 | NOTE | |||
r-oldrel-windows-x86_64 | 4.2.7.1 | 108.00 | 206.00 | 314.00 | OK |
Version: 4.2.7.1
Check: installed package size
Result: NOTE
installed size is 7.4Mb
sub-directories of 1Mb or more:
extdata 1.2Mb
libs 5.1Mb
Flavors: r-release-macos-arm64, r-release-macos-x86_64, r-oldrel-macos-arm64, r-oldrel-macos-x86_64