Last updated on 2025-01-19 05:49:16 CET.
Flavor | Version | Tinstall | Tcheck | Ttotal | Status | Flags |
---|---|---|---|---|---|---|
r-devel-linux-x86_64-debian-clang | 1.0.1 | 10.84 | 68.34 | 79.18 | NOTE | |
r-devel-linux-x86_64-debian-gcc | 1.0.1 | 7.24 | 51.25 | 58.49 | NOTE | |
r-devel-linux-x86_64-fedora-clang | 1.0.1 | 128.88 | NOTE | |||
r-devel-linux-x86_64-fedora-gcc | 1.0.1 | 124.07 | NOTE | |||
r-devel-windows-x86_64 | 1.0.1 | 9.00 | 85.00 | 94.00 | NOTE | |
r-patched-linux-x86_64 | 1.0.1 | 13.57 | 64.11 | 77.68 | NOTE | |
r-release-linux-x86_64 | 1.0.1 | 9.27 | 64.98 | 74.25 | NOTE | |
r-release-macos-arm64 | 1.0.1 | 47.00 | OK | |||
r-release-macos-x86_64 | 1.0.1 | 67.00 | OK | |||
r-release-windows-x86_64 | 1.0.1 | 11.00 | 88.00 | 99.00 | OK | |
r-oldrel-macos-arm64 | 1.0.1 | 42.00 | OK | |||
r-oldrel-macos-x86_64 | 1.0.1 | 66.00 | OK | |||
r-oldrel-windows-x86_64 | 1.0.1 | 9.00 | 95.00 | 104.00 | OK |
Version: 1.0.1
Check: Rd cross-references
Result: NOTE
Found the following Rd file(s) with Rd \link{} targets missing package
anchors:
graphoptbd.mae.Rd: igraph
Please provide package anchors for all Rd \link{} targets not in the
package itself and the base packages.
Flavors: r-devel-linux-x86_64-debian-clang, r-devel-linux-x86_64-debian-gcc, r-devel-windows-x86_64
Version: 1.0.1
Check: for non-standard things in the check directory
Result: NOTE
Found the following files/directories:
‘Graph_layout_Doptbd_trtE’
Flavors: r-devel-linux-x86_64-debian-clang, r-devel-linux-x86_64-debian-gcc, r-devel-linux-x86_64-fedora-clang, r-devel-linux-x86_64-fedora-gcc, r-patched-linux-x86_64, r-release-linux-x86_64