Last updated on 2025-01-19 05:49:16 CET.
Flavor | Version | Tinstall | Tcheck | Ttotal | Status | Flags |
---|---|---|---|---|---|---|
r-devel-linux-x86_64-debian-clang | 2.0.9 | 109.12 | 232.41 | 341.53 | OK | |
r-devel-linux-x86_64-debian-gcc | 2.0.9 | 82.72 | 176.74 | 259.46 | OK | |
r-devel-linux-x86_64-fedora-clang | 2.0.9 | 605.77 | OK | |||
r-devel-linux-x86_64-fedora-gcc | 2.0.9 | 595.86 | OK | |||
r-devel-windows-x86_64 | 2.0.9 | 117.00 | 250.00 | 367.00 | OK | |
r-patched-linux-x86_64 | 2.0.9 | 93.91 | 222.36 | 316.27 | OK | |
r-release-linux-x86_64 | 2.0.9 | 107.94 | 218.43 | 326.37 | OK | |
r-release-macos-arm64 | 2.0.9 | 182.00 | NOTE | |||
r-release-macos-x86_64 | 2.0.9 | 355.00 | NOTE | |||
r-release-windows-x86_64 | 2.0.9 | 120.00 | 247.00 | 367.00 | OK | |
r-oldrel-macos-arm64 | 2.0.9 | 264.00 | NOTE | |||
r-oldrel-macos-x86_64 | 2.0.9 | 455.00 | NOTE | |||
r-oldrel-windows-x86_64 | 2.0.9 | 152.00 | 306.00 | 458.00 | OK |
Version: 2.0.9
Check: installed package size
Result: NOTE
installed size is 6.0Mb
sub-directories of 1Mb or more:
extdata 1.8Mb
libs 3.1Mb
Flavors: r-release-macos-arm64, r-release-macos-x86_64, r-oldrel-macos-arm64, r-oldrel-macos-x86_64