CRAN Package Check Results for Package optiSolve

Last updated on 2025-01-19 05:49:16 CET.

Flavor Version Tinstall Tcheck Ttotal Status Flags
r-devel-linux-x86_64-debian-clang 1.0 8.69 77.86 86.55 OK
r-devel-linux-x86_64-debian-gcc 1.0 7.19 58.03 65.22 OK
r-devel-linux-x86_64-fedora-clang 1.0 137.42 NOTE
r-devel-linux-x86_64-fedora-gcc 1.0 136.09 NOTE
r-devel-windows-x86_64 1.0 13.00 93.00 106.00 OK
r-patched-linux-x86_64 1.0 7.51 75.42 82.93 OK
r-release-linux-x86_64 1.0 7.83 75.53 83.36 OK
r-release-macos-arm64 1.0 43.00 OK
r-release-macos-x86_64 1.0 60.00 OK
r-release-windows-x86_64 1.0 11.00 88.00 99.00 OK
r-oldrel-macos-arm64 1.0 48.00 OK
r-oldrel-macos-x86_64 1.0 72.00 OK
r-oldrel-windows-x86_64 1.0 12.00 110.00 122.00 OK

Check Details

Version: 1.0
Check: dependencies in R code
Result: NOTE Namespace in Imports field not imported from: ‘Matrix’ All declared Imports should be used. Flavors: r-devel-linux-x86_64-fedora-clang, r-devel-linux-x86_64-fedora-gcc