CRAN Package Check Results for Package optigrab

Last updated on 2025-01-19 05:49:16 CET.

Flavor Version Tinstall Tcheck Ttotal Status Flags
r-devel-linux-x86_64-debian-clang 0.9.2.1 2.02 27.66 29.68 NOTE
r-devel-linux-x86_64-debian-gcc 0.9.2.1 1.77 22.17 23.94 NOTE
r-devel-linux-x86_64-fedora-clang 0.9.2.1 49.24 NOTE
r-devel-linux-x86_64-fedora-gcc 0.9.2.1 62.18 NOTE
r-devel-windows-x86_64 0.9.2.1 6.00 62.00 68.00 NOTE
r-patched-linux-x86_64 0.9.2.1 2.39 26.39 28.78 NOTE
r-release-linux-x86_64 0.9.2.1 1.96 26.38 28.34 NOTE
r-release-macos-arm64 0.9.2.1 26.00 NOTE
r-release-macos-x86_64 0.9.2.1 33.00 NOTE
r-release-windows-x86_64 0.9.2.1 3.00 52.00 55.00 NOTE
r-oldrel-macos-arm64 0.9.2.1 29.00 OK
r-oldrel-macos-x86_64 0.9.2.1 37.00 OK
r-oldrel-windows-x86_64 0.9.2.1 4.00 55.00 59.00 OK

Check Details

Version: 0.9.2.1
Check: Rd files
Result: NOTE checkRd: (-1) gnu_style.Rd:24: Lost braces 24 | [GNU Command Line Standards]{http://www.gnu.org/prep/standards/standards.html} | ^ Flavors: r-devel-linux-x86_64-debian-clang, r-devel-linux-x86_64-debian-gcc, r-devel-linux-x86_64-fedora-clang, r-devel-linux-x86_64-fedora-gcc, r-devel-windows-x86_64, r-patched-linux-x86_64, r-release-linux-x86_64, r-release-macos-arm64, r-release-macos-x86_64, r-release-windows-x86_64