CRAN Package Check Results for Package optimus

Last updated on 2020-09-21 12:56:18 CEST.

Flavor Version Tinstall Tcheck Ttotal Status Flags
r-devel-linux-x86_64-debian-clang 0.2.0 3.10 210.57 213.67 OK
r-devel-linux-x86_64-debian-gcc 0.2.0 2.16 151.62 153.78 OK
r-devel-linux-x86_64-fedora-clang 0.2.0 269.60 NOTE
r-devel-linux-x86_64-fedora-gcc 0.2.0 263.15 NOTE
r-devel-windows-ix86+x86_64 0.2.0 6.00 210.00 216.00 OK
r-patched-linux-x86_64 0.2.0 2.77 211.06 213.83 OK
r-patched-solaris-x86 0.2.0 381.00 NOTE
r-release-linux-x86_64 0.2.0 2.75 207.45 210.20 OK
r-release-macos-x86_64 0.2.0 NOTE
r-release-windows-ix86+x86_64 0.2.0 7.00 256.00 263.00 OK
r-oldrel-macos-x86_64 0.2.0 NOTE
r-oldrel-windows-ix86+x86_64 0.2.0 4.00 261.00 265.00 OK

Check Details

Version: 0.2.0
Check: dependencies in R code
Result: NOTE
    Namespace in Imports field not imported from: ‘methods’
     All declared Imports should be used.
Flavors: r-devel-linux-x86_64-fedora-clang, r-devel-linux-x86_64-fedora-gcc, r-patched-solaris-x86, r-release-macos-x86_64, r-oldrel-macos-x86_64