Last updated on 2025-01-19 05:49:16 CET.
Flavor | Version | Tinstall | Tcheck | Ttotal | Status | Flags |
---|---|---|---|---|---|---|
r-devel-linux-x86_64-debian-clang | 0.2.0 | 2.55 | 164.10 | 166.65 | OK | |
r-devel-linux-x86_64-debian-gcc | 0.2.0 | 1.81 | 112.57 | 114.38 | OK | |
r-devel-linux-x86_64-fedora-clang | 0.2.0 | 287.34 | NOTE | |||
r-devel-linux-x86_64-fedora-gcc | 0.2.0 | 285.06 | NOTE | |||
r-devel-windows-x86_64 | 0.2.0 | 4.00 | 189.00 | 193.00 | OK | |
r-patched-linux-x86_64 | 0.2.0 | 2.71 | 155.69 | 158.40 | OK | |
r-release-linux-x86_64 | 0.2.0 | 2.37 | 156.58 | 158.95 | OK | |
r-release-macos-arm64 | 0.2.0 | 84.00 | OK | |||
r-release-macos-x86_64 | 0.2.0 | 166.00 | OK | |||
r-release-windows-x86_64 | 0.2.0 | 3.00 | 192.00 | 195.00 | OK | |
r-oldrel-macos-arm64 | 0.2.0 | 82.00 | OK | |||
r-oldrel-macos-x86_64 | 0.2.0 | 144.00 | OK | |||
r-oldrel-windows-x86_64 | 0.2.0 | 4.00 | 222.00 | 226.00 | OK |
Version: 0.2.0
Check: dependencies in R code
Result: NOTE
Namespace in Imports field not imported from: ‘methods’
All declared Imports should be used.
Flavors: r-devel-linux-x86_64-fedora-clang, r-devel-linux-x86_64-fedora-gcc