Last updated on 2024-04-24 19:55:16 CEST.
Flavor | Version | Tinstall | Tcheck | Ttotal | Status | Flags |
---|---|---|---|---|---|---|
r-devel-linux-x86_64-debian-clang | 1.4.1 | 2.86 | 33.07 | 35.93 | NOTE | |
r-devel-linux-x86_64-debian-gcc | 1.4.1 | 2.55 | 25.28 | 27.83 | NOTE | |
r-devel-linux-x86_64-fedora-clang | 1.4.1 | 47.18 | NOTE | |||
r-devel-linux-x86_64-fedora-gcc | 1.4.1 | 56.74 | NOTE | |||
r-devel-windows-x86_64 | 1.4.1 | 5.00 | 51.00 | 56.00 | NOTE | |
r-patched-linux-x86_64 | 1.4.1 | 3.17 | 32.01 | 35.18 | NOTE | |
r-release-linux-x86_64 | 1.4.1 | 3.42 | 29.97 | 33.39 | NOTE | |
r-release-macos-arm64 | 1.4.1 | 25.00 | NOTE | |||
r-release-windows-x86_64 | 1.4.1 | 4.00 | 49.00 | 53.00 | NOTE | |
r-oldrel-macos-arm64 | 1.4.1 | 19.00 | NOTE | |||
r-oldrel-macos-x86_64 | 1.4.1 | 34.00 | NOTE | |||
r-oldrel-windows-x86_64 | 1.4.1 | 3.00 | 53.00 | 56.00 | NOTE |
Version: 1.4.1
Check: LazyData
Result: NOTE
'LazyData' is specified without a 'data' directory
Flavors: r-devel-linux-x86_64-debian-clang, r-devel-linux-x86_64-debian-gcc, r-devel-linux-x86_64-fedora-clang, r-devel-linux-x86_64-fedora-gcc, r-devel-windows-x86_64, r-patched-linux-x86_64, r-release-linux-x86_64, r-release-macos-arm64, r-release-windows-x86_64, r-oldrel-macos-arm64, r-oldrel-macos-x86_64, r-oldrel-windows-x86_64