CRAN Package Check Results for Package optionstrat

Last updated on 2025-01-19 05:49:16 CET.

Flavor Version Tinstall Tcheck Ttotal Status Flags
r-devel-linux-x86_64-debian-clang 1.4.1 3.12 26.09 29.21 OK
r-devel-linux-x86_64-debian-gcc 1.4.1 2.04 20.51 22.55 OK
r-devel-linux-x86_64-fedora-clang 1.4.1 48.27 OK
r-devel-linux-x86_64-fedora-gcc 1.4.1 59.48 OK
r-devel-windows-x86_64 1.4.1 4.00 54.00 58.00 OK
r-patched-linux-x86_64 1.4.1 3.29 25.01 28.30 NOTE
r-release-linux-x86_64 1.4.1 2.91 25.16 28.07 NOTE
r-release-macos-arm64 1.4.1 25.00 NOTE
r-release-macos-x86_64 1.4.1 32.00 NOTE
r-release-windows-x86_64 1.4.1 5.00 57.00 62.00 NOTE
r-oldrel-macos-arm64 1.4.1 25.00 NOTE
r-oldrel-macos-x86_64 1.4.1 34.00 NOTE
r-oldrel-windows-x86_64 1.4.1 3.00 56.00 59.00 NOTE

Check Details

Version: 1.4.1
Check: LazyData
Result: NOTE 'LazyData' is specified without a 'data' directory Flavors: r-patched-linux-x86_64, r-release-linux-x86_64, r-release-macos-arm64, r-release-macos-x86_64, r-release-windows-x86_64, r-oldrel-macos-arm64, r-oldrel-macos-x86_64, r-oldrel-windows-x86_64