Last updated on 2025-01-19 05:49:16 CET.
Flavor | Version | Tinstall | Tcheck | Ttotal | Status | Flags |
---|---|---|---|---|---|---|
r-devel-linux-x86_64-debian-clang | 0.10.8 | 38.75 | 207.43 | 246.18 | OK | |
r-devel-linux-x86_64-debian-gcc | 0.10.8 | 23.92 | 139.97 | 163.89 | OK | |
r-devel-linux-x86_64-fedora-clang | 0.10.8 | 408.05 | OK | |||
r-devel-linux-x86_64-fedora-gcc | 0.10.8 | 441.18 | OK | |||
r-devel-windows-x86_64 | 0.10.8 | 42.00 | 218.00 | 260.00 | OK | |
r-patched-linux-x86_64 | 0.10.8 | 37.94 | 191.01 | 228.95 | NOTE | |
r-release-linux-x86_64 | 0.10.8 | 38.81 | 190.34 | 229.15 | NOTE | |
r-release-macos-arm64 | 0.10.8 | 110.00 | NOTE | |||
r-release-macos-x86_64 | 0.10.8 | 225.00 | NOTE | |||
r-release-windows-x86_64 | 0.10.8 | 44.00 | 216.00 | 260.00 | NOTE | |
r-oldrel-macos-arm64 | 0.10.8 | 113.00 | NOTE | |||
r-oldrel-macos-x86_64 | 0.10.8 | 201.00 | NOTE | |||
r-oldrel-windows-x86_64 | 0.10.8 | 51.00 | 278.00 | 329.00 | NOTE |
Version: 0.10.8
Check: package dependencies
Result: NOTE
Package suggested but not available for checking: ‘rrelaxiv’
Flavors: r-patched-linux-x86_64, r-release-linux-x86_64, r-release-macos-arm64, r-release-macos-x86_64, r-release-windows-x86_64, r-oldrel-macos-arm64, r-oldrel-macos-x86_64, r-oldrel-windows-x86_64