Last updated on 2025-01-19 05:49:16 CET.
Flavor | Version | Tinstall | Tcheck | Ttotal | Status | Flags |
---|---|---|---|---|---|---|
r-devel-linux-x86_64-debian-clang | 1.0.0 | 10.80 | 70.73 | 81.53 | NOTE | |
r-devel-linux-x86_64-debian-gcc | 1.0.0 | 7.07 | 51.81 | 58.88 | NOTE | |
r-devel-linux-x86_64-fedora-clang | 1.0.0 | 133.40 | NOTE | |||
r-devel-linux-x86_64-fedora-gcc | 1.0.0 | 126.13 | NOTE | |||
r-devel-windows-x86_64 | 1.0.0 | 9.00 | 78.00 | 87.00 | NOTE | |
r-patched-linux-x86_64 | 1.0.0 | 13.29 | 66.32 | 79.61 | NOTE | |
r-release-linux-x86_64 | 1.0.0 | 9.38 | 67.06 | 76.44 | NOTE | |
r-release-macos-arm64 | 1.0.0 | 48.00 | OK | |||
r-release-macos-x86_64 | 1.0.0 | 65.00 | OK | |||
r-release-windows-x86_64 | 1.0.0 | 11.00 | 82.00 | 93.00 | OK | |
r-oldrel-macos-arm64 | 1.0.0 | 44.00 | OK | |||
r-oldrel-macos-x86_64 | 1.0.0 | 67.00 | OK | |||
r-oldrel-windows-x86_64 | 1.0.0 | 10.00 | 91.00 | 101.00 | OK |
Version: 1.0.0
Check: Rd cross-references
Result: NOTE
Found the following Rd file(s) with Rd \link{} targets missing package
anchors:
graphoptrcd.mae.Rd: igraph
Please provide package anchors for all Rd \link{} targets not in the
package itself and the base packages.
Flavors: r-devel-linux-x86_64-debian-clang, r-devel-linux-x86_64-debian-gcc, r-devel-windows-x86_64
Version: 1.0.0
Check: for non-standard things in the check directory
Result: NOTE
Found the following files/directories:
‘Graph_layout_Doptrcd_trtE’
Flavors: r-devel-linux-x86_64-debian-clang, r-devel-linux-x86_64-debian-gcc, r-devel-linux-x86_64-fedora-clang, r-devel-linux-x86_64-fedora-gcc, r-patched-linux-x86_64, r-release-linux-x86_64