CRAN Package Check Results for Package ordPens

Last updated on 2025-01-19 05:49:16 CET.

Flavor Version Tinstall Tcheck Ttotal Status Flags
r-devel-linux-x86_64-debian-clang 1.1.0 12.85 383.52 396.37 NOTE
r-devel-linux-x86_64-debian-gcc 1.1.0 8.11 257.33 265.44 NOTE
r-devel-linux-x86_64-fedora-clang 1.1.0 640.40 OK
r-devel-linux-x86_64-fedora-gcc 1.1.0 669.02 OK
r-devel-windows-x86_64 1.1.0 12.00 368.00 380.00 NOTE
r-patched-linux-x86_64 1.1.0 14.15 371.58 385.73 OK
r-release-linux-x86_64 1.1.0 10.89 373.39 384.28 OK
r-release-macos-arm64 1.1.0 168.00 OK
r-release-macos-x86_64 1.1.0 270.00 OK
r-release-windows-x86_64 1.1.0 12.00 358.00 370.00 OK
r-oldrel-macos-arm64 1.1.0 169.00 OK
r-oldrel-macos-x86_64 1.1.0 340.00 OK
r-oldrel-windows-x86_64 1.1.0 15.00 474.00 489.00 OK

Check Details

Version: 1.1.0
Check: Rd cross-references
Result: NOTE Found the following Rd file(s) with Rd \link{} targets missing package anchors: ordAOV.Rd: LRTSim, RLRTSim, RLRsim, exactLRT, exactRLRT ordGene.Rd: LRTSim, RLRTSim ordSmooth.Rd: gam, mgcv Please provide package anchors for all Rd \link{} targets not in the package itself and the base packages. Flavors: r-devel-linux-x86_64-debian-clang, r-devel-linux-x86_64-debian-gcc, r-devel-windows-x86_64