Last updated on 2025-01-19 05:49:16 CET.
Flavor | Version | Tinstall | Tcheck | Ttotal | Status | Flags |
---|---|---|---|---|---|---|
r-devel-linux-x86_64-debian-clang | 0.7.2 | 36.00 | 220.13 | 256.13 | OK | |
r-devel-linux-x86_64-debian-gcc | 0.7.2 | 27.16 | 153.98 | 181.14 | OK | |
r-devel-linux-x86_64-fedora-clang | 0.7.2 | 445.68 | OK | |||
r-devel-linux-x86_64-fedora-gcc | 0.7.2 | 412.81 | OK | |||
r-devel-windows-x86_64 | 0.7.2 | 40.00 | 195.00 | 235.00 | OK | |
r-patched-linux-x86_64 | 0.7.2 | 29.91 | 207.98 | 237.89 | OK | |
r-release-linux-x86_64 | 0.7.2 | 32.74 | 207.27 | 240.01 | OK | |
r-release-macos-arm64 | 0.7.2 | 119.00 | NOTE | |||
r-release-macos-x86_64 | 0.7.2 | 184.00 | NOTE | |||
r-release-windows-x86_64 | 0.7.2 | 41.00 | 201.00 | 242.00 | NOTE | |
r-oldrel-macos-arm64 | 0.7.2 | 125.00 | NOTE | |||
r-oldrel-macos-x86_64 | 0.7.2 | 265.00 | NOTE | |||
r-oldrel-windows-x86_64 | 0.7.2 | 49.00 | 252.00 | 301.00 | NOTE |
Version: 0.7.2
Check: installed package size
Result: NOTE
installed size is 5.6Mb
sub-directories of 1Mb or more:
data 5.1Mb
Flavors: r-release-macos-arm64, r-release-macos-x86_64, r-release-windows-x86_64, r-oldrel-macos-arm64, r-oldrel-macos-x86_64, r-oldrel-windows-x86_64