Last updated on 2025-01-19 05:49:16 CET.
Flavor | Version | Tinstall | Tcheck | Ttotal | Status | Flags |
---|---|---|---|---|---|---|
r-devel-linux-x86_64-debian-clang | 0.1.4 | 31.67 | 274.38 | 306.05 | NOTE | |
r-devel-linux-x86_64-debian-gcc | 0.1.4 | 21.67 | 167.75 | 189.42 | NOTE | |
r-devel-linux-x86_64-fedora-clang | 0.1.4 | 532.46 | NOTE | |||
r-devel-linux-x86_64-fedora-gcc | 0.1.4 | 533.73 | NOTE | |||
r-devel-windows-x86_64 | 0.1.4 | 36.00 | 242.00 | 278.00 | NOTE | |
r-patched-linux-x86_64 | 0.1.4 | 27.99 | 245.08 | 273.07 | NOTE | |
r-release-linux-x86_64 | 0.1.4 | 29.70 | 246.33 | 276.03 | NOTE | |
r-release-macos-arm64 | 0.1.4 | 96.00 | NOTE | |||
r-release-macos-x86_64 | 0.1.4 | 148.00 | NOTE | |||
r-release-windows-x86_64 | 0.1.4 | 35.00 | 236.00 | 271.00 | NOTE | |
r-oldrel-macos-arm64 | 0.1.4 | 113.00 | OK | |||
r-oldrel-macos-x86_64 | 0.1.4 | 189.00 | OK | |||
r-oldrel-windows-x86_64 | 0.1.4 | 42.00 | 305.00 | 347.00 | OK |
Version: 0.1.4
Check: Rd files
Result: NOTE
checkRd: (-1) orf.Rd:74: Lost braces
74 | matrix of covariates \code{X} and a vector of outcomes 'code{Y} to the \code{orf}
| ^
Flavors: r-devel-linux-x86_64-debian-clang, r-devel-linux-x86_64-debian-gcc, r-devel-linux-x86_64-fedora-clang, r-devel-linux-x86_64-fedora-gcc, r-devel-windows-x86_64, r-patched-linux-x86_64, r-release-linux-x86_64, r-release-macos-arm64, r-release-macos-x86_64, r-release-windows-x86_64