Last updated on 2024-04-30 12:52:00 CEST.
Flavor | Version | Tinstall | Tcheck | Ttotal | Status | Flags |
---|---|---|---|---|---|---|
r-devel-linux-x86_64-debian-clang | 0.1.4 | 53.44 | 285.36 | 338.80 | NOTE | |
r-devel-linux-x86_64-debian-gcc | 0.1.4 | 41.57 | 190.16 | 231.73 | NOTE | |
r-devel-linux-x86_64-fedora-clang | 0.1.4 | 463.54 | NOTE | |||
r-devel-linux-x86_64-fedora-gcc | 0.1.4 | 476.76 | NOTE | |||
r-devel-windows-x86_64 | 0.1.4 | 46.00 | 200.00 | 246.00 | NOTE | |
r-patched-linux-x86_64 | 0.1.4 | 54.85 | 279.50 | 334.35 | NOTE | |
r-release-linux-x86_64 | 0.1.4 | 54.63 | 277.92 | 332.55 | NOTE | |
r-release-macos-arm64 | 0.1.4 | 96.00 | NOTE | |||
r-release-windows-x86_64 | 0.1.4 | 48.00 | 204.00 | 252.00 | NOTE | |
r-oldrel-macos-arm64 | 0.1.4 | 113.00 | OK | |||
r-oldrel-macos-x86_64 | 0.1.4 | 189.00 | OK | |||
r-oldrel-windows-x86_64 | 0.1.4 | 60.00 | 249.00 | 309.00 | OK |
Version: 0.1.4
Check: Rd files
Result: NOTE
checkRd: (-1) orf.Rd:74: Lost braces
74 | matrix of covariates \code{X} and a vector of outcomes 'code{Y} to the \code{orf}
| ^
Flavors: r-devel-linux-x86_64-debian-clang, r-devel-linux-x86_64-debian-gcc, r-devel-linux-x86_64-fedora-clang, r-devel-linux-x86_64-fedora-gcc, r-devel-windows-x86_64, r-patched-linux-x86_64, r-release-linux-x86_64, r-release-macos-arm64, r-release-windows-x86_64