CRAN Package Check Results for Package org

Last updated on 2019-10-21 12:46:28 CEST.

Flavor Version Tinstall Tcheck Ttotal Status Flags
r-devel-linux-x86_64-debian-clang 2019.4.2 1.74 19.54 21.28 NOTE
r-devel-linux-x86_64-debian-gcc 2019.4.2 1.40 16.07 17.47 NOTE
r-devel-linux-x86_64-fedora-clang 2019.4.2 27.45 OK
r-devel-linux-x86_64-fedora-gcc 2019.4.2 26.12 OK
r-devel-windows-ix86+x86_64 2019.4.2 5.00 50.00 55.00 NOTE
r-patched-linux-x86_64 2019.4.2 1.40 19.69 21.09 OK
r-patched-solaris-x86 2019.4.2 43.90 OK
r-release-linux-x86_64 2019.4.2 1.41 19.38 20.79 OK
r-release-windows-ix86+x86_64 2019.4.2 5.00 34.00 39.00 OK
r-release-osx-x86_64 2019.4.2 OK
r-oldrel-windows-ix86+x86_64 2019.4.2 3.00 32.00 35.00 OK
r-oldrel-osx-x86_64 2019.4.2 OK

Check Details

Version: 2019.4.2
Check: package vignettes
Result: NOTE
    Package vignette with placeholder title 'Vignette Title':
     'intro.Rmd'
Flavors: r-devel-linux-x86_64-debian-clang, r-devel-linux-x86_64-debian-gcc, r-devel-windows-ix86+x86_64