CRAN Package Check Results for Package org

Last updated on 2020-06-02 12:48:51 CEST.

Flavor Version Tinstall Tcheck Ttotal Status Flags
r-devel-linux-x86_64-debian-clang 2019.4.2 1.80 22.49 24.29 NOTE
r-devel-linux-x86_64-debian-gcc 2019.4.2 1.58 18.08 19.66 NOTE
r-devel-linux-x86_64-fedora-clang 2019.4.2 38.59 OK
r-devel-linux-x86_64-fedora-gcc 2019.4.2 30.39 OK
r-devel-windows-ix86+x86_64 2019.4.2 8.00 51.00 59.00 NOTE
r-patched-linux-x86_64 2019.4.2 1.79 22.58 24.37 NOTE
r-patched-solaris-x86 2019.4.2 46.90 OK
r-release-linux-x86_64 2019.4.2 1.87 22.88 24.75 NOTE
r-release-osx-x86_64 2019.4.2 OK
r-release-windows-ix86+x86_64 2019.4.2 7.00 52.00 59.00 NOTE
r-oldrel-osx-x86_64 2019.4.2 OK
r-oldrel-windows-ix86+x86_64 2019.4.2 6.00 34.00 40.00 OK

Check Details

Version: 2019.4.2
Check: package vignettes
Result: NOTE
    Package vignette with placeholder title 'Vignette Title':
     'intro.Rmd'
Flavors: r-devel-linux-x86_64-debian-clang, r-devel-linux-x86_64-debian-gcc, r-devel-windows-ix86+x86_64, r-patched-linux-x86_64, r-release-linux-x86_64, r-release-windows-ix86+x86_64