CRAN Package Check Results for Package orloca

Last updated on 2020-10-28 11:49:53 CET.

Flavor Version Tinstall Tcheck Ttotal Status Flags
r-devel-linux-x86_64-debian-clang 4.10 4.80 39.41 44.21 OK
r-devel-linux-x86_64-debian-gcc 4.10 3.90 30.50 34.40 OK
r-devel-linux-x86_64-fedora-clang 4.10 62.22 NOTE
r-devel-linux-x86_64-fedora-gcc 4.10 52.13 NOTE
r-devel-windows-ix86+x86_64 4.10 9.00 48.00 57.00 OK
r-patched-linux-x86_64 4.10 OK
r-patched-solaris-x86 4.10 75.00 NOTE
r-release-linux-x86_64 4.10 4.40 37.84 42.24 OK
r-release-macos-x86_64 4.10 NOTE
r-release-windows-ix86+x86_64 4.10 6.00 47.00 53.00 OK
r-oldrel-macos-x86_64 4.10 NOTE
r-oldrel-windows-ix86+x86_64 4.10 7.00 52.00 59.00 OK

Check Details

Version: 4.10
Check: dependencies in R code
Result: NOTE
    Namespaces in Imports field not imported from:
     ‘knitr’ ‘rmarkdown’
     All declared Imports should be used.
Flavors: r-devel-linux-x86_64-fedora-clang, r-devel-linux-x86_64-fedora-gcc, r-patched-solaris-x86, r-release-macos-x86_64, r-oldrel-macos-x86_64

Version: 4.10
Check: Rd cross-references
Result: NOTE
    Undeclared package ‘orloca.es’ in Rd xrefs
Flavor: r-devel-linux-x86_64-fedora-clang