Last updated on 2025-01-19 05:49:16 CET.
Flavor | Version | Tinstall | Tcheck | Ttotal | Status | Flags |
---|---|---|---|---|---|---|
r-devel-linux-x86_64-debian-clang | 0.0.1 | 12.29 | 89.93 | 102.22 | OK | |
r-devel-linux-x86_64-debian-gcc | 0.0.1 | 9.14 | 67.45 | 76.59 | ERROR | |
r-devel-linux-x86_64-fedora-clang | 0.0.1 | 170.41 | ERROR | |||
r-devel-linux-x86_64-fedora-gcc | 0.0.1 | 152.31 | ERROR | |||
r-devel-windows-x86_64 | 0.0.1 | 13.00 | 92.00 | 105.00 | OK | |
r-patched-linux-x86_64 | 0.0.1 | 11.40 | 82.74 | 94.14 | ERROR | |
r-release-linux-x86_64 | 0.0.1 | 11.73 | 83.12 | 94.85 | OK | |
r-release-macos-arm64 | 0.0.1 | 42.00 | OK | |||
r-release-macos-x86_64 | 0.0.1 | 63.00 | OK | |||
r-release-windows-x86_64 | 0.0.1 | 13.00 | 96.00 | 109.00 | OK | |
r-oldrel-macos-arm64 | 0.0.1 | 53.00 | OK | |||
r-oldrel-macos-x86_64 | 0.0.1 | 76.00 | OK | |||
r-oldrel-windows-x86_64 | 0.0.1 | 16.00 | 111.00 | 127.00 | OK |
Version: 0.0.1
Check: examples
Result: ERROR
Running examples in ‘ormBigData-Ex.R’ failed
The error most likely occurred in:
> base::assign(".ptime", proc.time(), pos = "CheckExEnv")
> ### Name: ormBD
> ### Title: Cumulative Probability Model for Big Data
> ### Aliases: ormBD
>
> ### ** Examples
>
> ## generate a small example data and run one of the three methods
> set.seed(1)
> n <- 200
> x1 = rnorm(n); x2 = rnorm(n)
> tmpdata = data.frame(x1 = x1, x2 = x2, y = rnorm(n) + x1 + 2*x2)
> modbinning <- ormBD(y ~ x1 + x2, data = tmpdata, family = loglog,
+ approach = "binning", target_num = 100)
Error: object 'loglog' not found
Execution halted
Flavors: r-devel-linux-x86_64-debian-gcc, r-patched-linux-x86_64
Version: 0.0.1
Check: examples
Result: ERROR
Running examples in ‘ormBigData-Ex.R’ failed
The error most likely occurred in:
> ### Name: ormBD
> ### Title: Cumulative Probability Model for Big Data
> ### Aliases: ormBD
>
> ### ** Examples
>
> ## generate a small example data and run one of the three methods
> set.seed(1)
> n <- 200
> x1 = rnorm(n); x2 = rnorm(n)
> tmpdata = data.frame(x1 = x1, x2 = x2, y = rnorm(n) + x1 + 2*x2)
> modbinning <- ormBD(y ~ x1 + x2, data = tmpdata, family = loglog,
+ approach = "binning", target_num = 100)
Error: object 'loglog' not found
Execution halted
Flavors: r-devel-linux-x86_64-fedora-clang, r-devel-linux-x86_64-fedora-gcc