CRAN Package Check Results for Package oshka

Last updated on 2025-01-19 05:49:16 CET.

Flavor Version Tinstall Tcheck Ttotal Status Flags
r-devel-linux-x86_64-debian-clang 0.1.2 1.77 29.33 31.10 OK
r-devel-linux-x86_64-debian-gcc 0.1.2 1.32 24.04 25.36 OK
r-devel-linux-x86_64-fedora-clang 0.1.2 51.86 OK
r-devel-linux-x86_64-fedora-gcc 0.1.2 64.48 OK
r-devel-windows-x86_64 0.1.2 2.00 51.00 53.00 OK
r-patched-linux-x86_64 0.1.2 1.59 28.14 29.73 NOTE
r-release-linux-x86_64 0.1.2 1.58 27.90 29.48 NOTE
r-release-macos-arm64 0.1.2 24.00 NOTE
r-release-macos-x86_64 0.1.2 35.00 NOTE
r-release-windows-x86_64 0.1.2 4.00 54.00 58.00 NOTE
r-oldrel-macos-arm64 0.1.2 26.00 NOTE
r-oldrel-macos-x86_64 0.1.2 38.00 NOTE
r-oldrel-windows-x86_64 0.1.2 3.00 54.00 57.00 NOTE

Check Details

Version: 0.1.2
Check: LazyData
Result: NOTE 'LazyData' is specified without a 'data' directory Flavors: r-patched-linux-x86_64, r-release-linux-x86_64, r-release-macos-arm64, r-release-macos-x86_64, r-release-windows-x86_64, r-oldrel-macos-arm64, r-oldrel-macos-x86_64, r-oldrel-windows-x86_64