Last updated on 2025-01-19 05:49:16 CET.
Flavor | Version | Tinstall | Tcheck | Ttotal | Status | Flags |
---|---|---|---|---|---|---|
r-devel-linux-x86_64-debian-clang | 0.2.5 | 67.64 | 74.84 | 142.48 | OK | |
r-devel-linux-x86_64-debian-gcc | 0.2.5 | 50.67 | 53.79 | 104.46 | OK | |
r-devel-linux-x86_64-fedora-clang | 0.2.5 | 250.77 | OK | |||
r-devel-linux-x86_64-fedora-gcc | 0.2.5 | 276.73 | OK | |||
r-devel-windows-x86_64 | 0.2.5 | 71.00 | 116.00 | 187.00 | OK | |
r-patched-linux-x86_64 | 0.2.5 | 76.16 | 70.41 | 146.57 | OK | |
r-release-linux-x86_64 | 0.2.5 | 72.77 | 70.02 | 142.79 | OK | |
r-release-macos-arm64 | 0.2.5 | 76.00 | NOTE | |||
r-release-macos-x86_64 | 0.2.5 | 90.00 | NOTE | |||
r-release-windows-x86_64 | 0.2.5 | 71.00 | 119.00 | 190.00 | NOTE | |
r-oldrel-macos-arm64 | 0.2.5 | 74.00 | NOTE | |||
r-oldrel-macos-x86_64 | 0.2.5 | 93.00 | NOTE | |||
r-oldrel-windows-x86_64 | 0.2.5 | 78.00 | 135.00 | 213.00 | NOTE |
Version: 0.2.5
Check: installed package size
Result: NOTE
installed size is 11.9Mb
sub-directories of 1Mb or more:
doc 5.0Mb
libs 6.4Mb
Flavors: r-release-macos-arm64, r-release-macos-x86_64, r-release-windows-x86_64, r-oldrel-macos-arm64, r-oldrel-macos-x86_64, r-oldrel-windows-x86_64