Last updated on 2025-01-19 05:49:16 CET.
Flavor | Version | Tinstall | Tcheck | Ttotal | Status | Flags |
---|---|---|---|---|---|---|
r-devel-linux-x86_64-debian-clang | 0.5.2 | 5.05 | 89.14 | 94.19 | OK | |
r-devel-linux-x86_64-debian-gcc | 0.5.2 | 4.27 | 63.11 | 67.38 | OK | |
r-devel-linux-x86_64-fedora-clang | 0.5.2 | 137.56 | OK | |||
r-devel-linux-x86_64-fedora-gcc | 0.5.2 | 147.86 | OK | |||
r-devel-windows-x86_64 | 0.5.2 | 8.00 | 114.00 | 122.00 | OK | |
r-patched-linux-x86_64 | 0.5.2 | 5.98 | 84.69 | 90.67 | OK | |
r-release-linux-x86_64 | 0.5.2 | 5.71 | 86.49 | 92.20 | OK | |
r-release-macos-arm64 | 0.5.2 | 62.00 | NOTE | |||
r-release-macos-x86_64 | 0.5.2 | 102.00 | NOTE | |||
r-release-windows-x86_64 | 0.5.2 | 8.00 | 117.00 | 125.00 | NOTE | |
r-oldrel-macos-arm64 | 0.5.2 | 68.00 | NOTE | |||
r-oldrel-macos-x86_64 | 0.5.2 | 94.00 | NOTE | |||
r-oldrel-windows-x86_64 | 0.5.2 | 8.00 | 129.00 | 137.00 | NOTE |
Version: 0.5.2
Check: installed package size
Result: NOTE
installed size is 5.3Mb
sub-directories of 1Mb or more:
data 3.5Mb
help 1.1Mb
Flavors: r-release-macos-arm64, r-release-macos-x86_64, r-release-windows-x86_64, r-oldrel-macos-arm64, r-oldrel-macos-x86_64, r-oldrel-windows-x86_64