Last updated on 2025-01-19 05:49:16 CET.
Flavor | Version | Tinstall | Tcheck | Ttotal | Status | Flags |
---|---|---|---|---|---|---|
r-devel-linux-x86_64-debian-clang | 1.1.3 | 30.27 | 188.70 | 218.97 | NOTE | |
r-devel-linux-x86_64-debian-gcc | 1.1.3 | 24.76 | 124.84 | 149.60 | NOTE | |
r-devel-linux-x86_64-fedora-clang | 1.1.3 | 386.18 | NOTE | |||
r-devel-linux-x86_64-fedora-gcc | 1.1.3 | 413.55 | NOTE | |||
r-devel-windows-x86_64 | 1.1.3 | 38.00 | 196.00 | 234.00 | NOTE | |
r-patched-linux-x86_64 | 1.1.3 | 34.03 | 180.45 | 214.48 | NOTE | |
r-release-linux-x86_64 | 1.1.3 | 35.61 | 180.88 | 216.49 | NOTE | |
r-release-macos-arm64 | 1.1.3 | 139.00 | NOTE | |||
r-release-macos-x86_64 | 1.1.3 | 198.00 | NOTE | |||
r-release-windows-x86_64 | 1.1.3 | 35.00 | 197.00 | 232.00 | NOTE | |
r-oldrel-macos-arm64 | 1.1.3 | 124.00 | NOTE | |||
r-oldrel-macos-x86_64 | 1.1.3 | 243.00 | NOTE | |||
r-oldrel-windows-x86_64 | 1.1.3 | 42.00 | 236.00 | 278.00 | NOTE |
Version: 1.1.3
Check: C++ specification
Result: NOTE
Specified C++11: please drop specification unless essential
Flavors: r-devel-linux-x86_64-debian-clang, r-devel-linux-x86_64-debian-gcc, r-devel-linux-x86_64-fedora-clang, r-devel-linux-x86_64-fedora-gcc, r-devel-windows-x86_64, r-patched-linux-x86_64, r-release-linux-x86_64, r-release-macos-arm64, r-release-macos-x86_64, r-release-windows-x86_64, r-oldrel-macos-arm64, r-oldrel-macos-x86_64, r-oldrel-windows-x86_64