CRAN Package Check Results for Package oysteR

Last updated on 2025-01-19 05:49:16 CET.

Flavor Version Tinstall Tcheck Ttotal Status Flags
r-devel-linux-x86_64-debian-clang 0.1.1 4.39 36.50 40.89 OK
r-devel-linux-x86_64-debian-gcc 0.1.1 3.24 27.91 31.15 OK
r-devel-linux-x86_64-fedora-clang 0.1.1 67.36 OK
r-devel-linux-x86_64-fedora-gcc 0.1.1 66.68 OK
r-devel-windows-x86_64 0.1.1 7.00 57.00 64.00 OK
r-patched-linux-x86_64 0.1.1 4.28 34.94 39.22 NOTE
r-release-linux-x86_64 0.1.1 4.53 35.24 39.77 NOTE
r-release-macos-arm64 0.1.1 21.00 NOTE
r-release-macos-x86_64 0.1.1 36.00 NOTE
r-release-windows-x86_64 0.1.1 6.00 58.00 64.00 NOTE
r-oldrel-macos-arm64 0.1.1 21.00 NOTE
r-oldrel-macos-x86_64 0.1.1 29.00 NOTE
r-oldrel-windows-x86_64 0.1.1 8.00 62.00 70.00 NOTE

Check Details

Version: 0.1.1
Check: LazyData
Result: NOTE 'LazyData' is specified without a 'data' directory Flavors: r-patched-linux-x86_64, r-release-linux-x86_64, r-release-macos-arm64, r-release-macos-x86_64, r-release-windows-x86_64, r-oldrel-macos-arm64, r-oldrel-macos-x86_64, r-oldrel-windows-x86_64