Last updated on 2024-05-01 16:53:04 CEST.
Flavor | Version | Tinstall | Tcheck | Ttotal | Status | Flags |
---|---|---|---|---|---|---|
r-devel-linux-x86_64-debian-clang | 1.1.1 | 111.35 | 49.97 | 161.32 | OK | |
r-devel-linux-x86_64-debian-gcc | 1.1.1 | 83.14 | 36.80 | 119.94 | OK | |
r-devel-linux-x86_64-fedora-clang | 1.1.1 | 235.46 | OK | |||
r-devel-linux-x86_64-fedora-gcc | 1.1.1 | 238.39 | OK | |||
r-devel-windows-x86_64 | 1.1.1 | 78.00 | 76.00 | 154.00 | NOTE | |
r-patched-linux-x86_64 | 1.1.1 | 116.72 | 48.86 | 165.58 | OK | |
r-release-linux-x86_64 | 1.1.1 | 104.10 | 48.75 | 152.85 | OK | |
r-release-macos-arm64 | 1.1.1 | 50.00 | OK | |||
r-release-windows-x86_64 | 1.1.1 | 81.00 | 76.00 | 157.00 | NOTE | |
r-oldrel-macos-arm64 | 1.1.1 | 57.00 | OK | |||
r-oldrel-macos-x86_64 | 1.1.1 | 98.00 | OK | |||
r-oldrel-windows-x86_64 | 1.1.1 | 95.00 | 89.00 | 184.00 | NOTE |
Version: 1.1.1
Check: C++ specification
Result: NOTE
Specified C++11: please drop specification unless essential
Flavors: r-devel-windows-x86_64, r-release-windows-x86_64, r-oldrel-windows-x86_64