Last updated on 2024-04-17 13:57:37 CEST.
Flavor | Version | Tinstall | Tcheck | Ttotal | Status | Flags |
---|---|---|---|---|---|---|
r-devel-linux-x86_64-debian-clang | 0.2-1 | 10.66 | 90.39 | 101.05 | NOTE | |
r-devel-linux-x86_64-debian-gcc | 0.2-1 | 8.14 | 67.84 | 75.98 | NOTE | |
r-devel-linux-x86_64-fedora-clang | 0.2-1 | 124.85 | NOTE | |||
r-devel-linux-x86_64-fedora-gcc | 0.2-1 | 120.22 | NOTE | |||
r-prerel-macos-arm64 | 0.2-1 | 36.00 | NOTE | |||
r-prerel-windows-x86_64 | 0.2-1 | 10.00 | 82.00 | 92.00 | NOTE | |
r-patched-linux-x86_64 | 0.2-1 | 7.04 | 88.38 | 95.42 | NOTE | |
r-release-linux-x86_64 | 0.2-1 | 7.10 | 89.14 | 96.24 | OK | |
r-release-macos-arm64 | 0.2-1 | 45.00 | OK | |||
r-release-macos-x86_64 | 0.2-1 | 69.00 | OK | |||
r-release-windows-x86_64 | 0.2-1 | 12.00 | 99.00 | 111.00 | OK | |
r-oldrel-macos-arm64 | 0.2-1 | 52.00 | OK | |||
r-oldrel-windows-x86_64 | 0.2-1 | 13.00 | 98.00 | 111.00 | OK |
Version: 0.2-1
Check: Rd files
Result: NOTE
checkRd: (-1) twoby2Calibrate.Rd:84: Lost braces in \itemize; meant \describe ?
checkRd: (-1) twoby2Calibrate.Rd:85-86: Lost braces in \itemize; meant \describe ?
checkRd: (-1) twoby2Calibrate.Rd:87-92: Lost braces in \itemize; meant \describe ?
checkRd: (-1) twoby2Calibrate.Rd:97-100: Lost braces in \itemize; meant \describe ?
checkRd: (-1) twoby2Calibrate.Rd:101-103: Lost braces in \itemize; meant \describe ?
checkRd: (-1) twoby2Calibrate.Rd:104-107: Lost braces in \itemize; meant \describe ?
checkRd: (-1) twoby2Calibrate.Rd:108-110: Lost braces in \itemize; meant \describe ?
checkRd: (-1) twoby2Calibrate.Rd:111-116: Lost braces in \itemize; meant \describe ?
Flavors: r-devel-linux-x86_64-debian-clang, r-devel-linux-x86_64-debian-gcc, r-devel-linux-x86_64-fedora-clang, r-devel-linux-x86_64-fedora-gcc, r-prerel-macos-arm64, r-prerel-windows-x86_64, r-patched-linux-x86_64