Last updated on 2025-01-19 05:49:16 CET.
Flavor | Version | Tinstall | Tcheck | Ttotal | Status | Flags |
---|---|---|---|---|---|---|
r-devel-linux-x86_64-debian-clang | 0.1.4 | 18.52 | 41.73 | 60.25 | NOTE | |
r-devel-linux-x86_64-debian-gcc | 0.1.4 | 12.36 | 29.27 | 41.63 | NOTE | |
r-devel-linux-x86_64-fedora-clang | 0.1.4 | 107.86 | NOTE | |||
r-devel-linux-x86_64-fedora-gcc | 0.1.4 | 106.85 | NOTE | |||
r-devel-windows-x86_64 | 0.1.4 | 21.00 | 89.00 | 110.00 | NOTE | |
r-patched-linux-x86_64 | 0.1.4 | 17.74 | 38.74 | 56.48 | NOTE | |
r-release-linux-x86_64 | 0.1.4 | 17.61 | 38.75 | 56.36 | NOTE | |
r-release-macos-arm64 | 0.1.4 | 30.00 | NOTE | |||
r-release-macos-x86_64 | 0.1.4 | 45.00 | NOTE | |||
r-release-windows-x86_64 | 0.1.4 | 22.00 | 93.00 | 115.00 | NOTE | |
r-oldrel-macos-arm64 | 0.1.4 | 34.00 | OK | |||
r-oldrel-macos-x86_64 | 0.1.4 | 62.00 | OK | |||
r-oldrel-windows-x86_64 | 0.1.4 | 23.00 | 100.00 | 123.00 | OK |
Version: 0.1.4
Check: Rd files
Result: NOTE
checkRd: (-1) DTV.Rd:20: Lost braces in \itemize; \value handles \item{}{} directly
checkRd: (-1) DTV.Rd:21: Lost braces in \itemize; \value handles \item{}{} directly
checkRd: (-1) DTV.Rd:22: Lost braces in \itemize; \value handles \item{}{} directly
checkRd: (-1) DTV.Rd:23: Lost braces in \itemize; \value handles \item{}{} directly
checkRd: (-1) DTV.Rd:24: Lost braces in \itemize; \value handles \item{}{} directly
Flavors: r-devel-linux-x86_64-debian-clang, r-devel-linux-x86_64-debian-gcc, r-devel-linux-x86_64-fedora-clang, r-devel-linux-x86_64-fedora-gcc, r-devel-windows-x86_64, r-patched-linux-x86_64, r-release-linux-x86_64, r-release-macos-arm64, r-release-macos-x86_64, r-release-windows-x86_64