Last updated on 2024-04-21 13:55:41 CEST.
Flavor | Version | Tinstall | Tcheck | Ttotal | Status | Flags |
---|---|---|---|---|---|---|
r-devel-linux-x86_64-debian-clang | 0.1.4 | 32.94 | 53.37 | 86.31 | NOTE | |
r-devel-linux-x86_64-debian-gcc | 0.1.4 | 24.63 | 40.65 | 65.28 | NOTE | |
r-devel-linux-x86_64-fedora-clang | 0.1.4 | 117.03 | NOTE | |||
r-devel-linux-x86_64-fedora-gcc | 0.1.4 | 114.21 | NOTE | |||
r-prerel-macos-arm64 | 0.1.4 | 30.00 | NOTE | |||
r-prerel-windows-x86_64 | 0.1.4 | 27.00 | 94.00 | 121.00 | NOTE | |
r-patched-linux-x86_64 | 0.1.4 | 31.32 | 51.03 | 82.35 | NOTE | |
r-release-linux-x86_64 | 0.1.4 | 32.05 | 52.13 | 84.18 | OK | |
r-release-macos-arm64 | 0.1.4 | 34.00 | OK | |||
r-release-macos-x86_64 | 0.1.4 | 62.00 | OK | |||
r-release-windows-x86_64 | 0.1.4 | 34.00 | 101.00 | 135.00 | OK | |
r-oldrel-macos-arm64 | 0.1.4 | 31.00 | OK | |||
r-oldrel-windows-x86_64 | 0.1.4 | 33.00 | 94.00 | 127.00 | OK |
Version: 0.1.4
Check: Rd files
Result: NOTE
checkRd: (-1) DTV.Rd:20: Lost braces in \itemize; \value handles \item{}{} directly
checkRd: (-1) DTV.Rd:21: Lost braces in \itemize; \value handles \item{}{} directly
checkRd: (-1) DTV.Rd:22: Lost braces in \itemize; \value handles \item{}{} directly
checkRd: (-1) DTV.Rd:23: Lost braces in \itemize; \value handles \item{}{} directly
checkRd: (-1) DTV.Rd:24: Lost braces in \itemize; \value handles \item{}{} directly
Flavors: r-devel-linux-x86_64-debian-clang, r-devel-linux-x86_64-debian-gcc, r-devel-linux-x86_64-fedora-clang, r-devel-linux-x86_64-fedora-gcc, r-prerel-macos-arm64, r-prerel-windows-x86_64, r-patched-linux-x86_64