CRAN Package Check Results for Package pROC

Last updated on 2020-06-03 12:49:17 CEST.

Flavor Version Tinstall Tcheck Ttotal Status Flags
r-devel-linux-x86_64-debian-clang 1.16.2 45.05 159.21 204.26 OK
r-devel-linux-x86_64-debian-gcc 1.16.2 31.66 117.82 149.48 OK
r-devel-linux-x86_64-fedora-clang 1.16.2 259.57 OK
r-devel-linux-x86_64-fedora-gcc 1.16.2 237.27 OK
r-devel-windows-ix86+x86_64 1.16.2 99.00 370.00 469.00 WARN
r-patched-linux-x86_64 1.16.2 33.91 159.02 192.93 OK
r-patched-solaris-x86 1.16.2 296.10 OK
r-release-linux-x86_64 1.16.2 32.45 162.59 195.04 OK
r-release-osx-x86_64 1.16.2 OK
r-release-windows-ix86+x86_64 1.16.2 70.00 284.00 354.00 OK
r-oldrel-osx-x86_64 1.16.2 OK
r-oldrel-windows-ix86+x86_64 1.16.2 96.00 277.00 373.00 OK

Check Details

Version: 1.16.2
Check: whether the namespace can be unloaded cleanly
Result: WARN
Flavor: r-devel-windows-ix86+x86_64