CRAN Package Check Results for Package pacotest

Last updated on 2025-01-19 05:49:16 CET.

Flavor Version Tinstall Tcheck Ttotal Status Flags
r-devel-linux-x86_64-debian-clang 0.4.2 77.58 112.25 189.83 OK
r-devel-linux-x86_64-debian-gcc 0.4.2 56.43 77.44 133.87 OK
r-devel-linux-x86_64-fedora-clang 0.4.2 362.97 OK
r-devel-linux-x86_64-fedora-gcc 0.4.2 384.69 OK
r-devel-windows-x86_64 0.4.2 84.00 167.00 251.00 OK
r-patched-linux-x86_64 0.4.2 75.97 106.88 182.85 OK
r-release-linux-x86_64 0.4.2 80.17 106.07 186.24 OK
r-release-macos-arm64 0.4.2 78.00 NOTE
r-release-macos-x86_64 0.4.2 109.00 NOTE
r-release-windows-x86_64 0.4.2 82.00 174.00 256.00 OK
r-oldrel-macos-arm64 0.4.2 106.00 NOTE
r-oldrel-macos-x86_64 0.4.2 164.00 NOTE
r-oldrel-windows-x86_64 0.4.2 98.00 200.00 298.00 OK

Check Details

Version: 0.4.2
Check: installed package size
Result: NOTE installed size is 5.4Mb sub-directories of 1Mb or more: libs 5.2Mb Flavors: r-release-macos-arm64, r-release-macos-x86_64, r-oldrel-macos-arm64, r-oldrel-macos-x86_64