CRAN Package Check Results for Package paleobioDB

Last updated on 2025-01-19 05:49:16 CET.

Flavor Version Tinstall Tcheck Ttotal Status Flags
r-devel-linux-x86_64-debian-clang 1.0.0 23.19 190.53 213.72 NOTE
r-devel-linux-x86_64-debian-gcc 1.0.0 13.26 115.01 128.27 NOTE
r-devel-linux-x86_64-fedora-clang 1.0.0 343.86 OK
r-devel-linux-x86_64-fedora-gcc 1.0.0 341.27 OK
r-devel-windows-x86_64 1.0.0 19.00 155.00 174.00 NOTE
r-patched-linux-x86_64 1.0.0 22.99 177.07 200.06 OK
r-release-linux-x86_64 1.0.0 19.55 177.04 196.59 OK
r-release-macos-arm64 1.0.0 62.00 OK
r-release-macos-x86_64 1.0.0 99.00 OK
r-release-windows-x86_64 1.0.0 19.00 155.00 174.00 OK
r-oldrel-macos-arm64 1.0.0 69.00 OK
r-oldrel-macos-x86_64 1.0.0 190.00 OK
r-oldrel-windows-x86_64 1.0.0 23.00 212.00 235.00 OK

Check Details

Version: 1.0.0
Check: Rd cross-references
Result: NOTE Found the following Rd file(s) with Rd \link{} targets missing package anchors: pbdb_map.Rd: map pbdb_map_occur.Rd: map pbdb_map_richness.Rd: map Please provide package anchors for all Rd \link{} targets not in the package itself and the base packages. Flavors: r-devel-linux-x86_64-debian-clang, r-devel-linux-x86_64-debian-gcc, r-devel-windows-x86_64