Last updated on 2024-04-21 13:55:40 CEST.
Flavor | Version | Tinstall | Tcheck | Ttotal | Status | Flags |
---|---|---|---|---|---|---|
r-devel-linux-x86_64-debian-clang | 3.4.5 | 29.56 | 466.41 | 495.97 | NOTE | |
r-devel-linux-x86_64-debian-gcc | 3.4.5 | 21.02 | 308.68 | 329.70 | NOTE | |
r-devel-linux-x86_64-fedora-clang | 3.4.5 | 580.25 | NOTE | |||
r-devel-linux-x86_64-fedora-gcc | 3.4.5 | 556.90 | NOTE | |||
r-prerel-macos-arm64 | 3.4.5 | 116.00 | NOTE | |||
r-prerel-windows-x86_64 | 3.4.5 | 26.00 | 304.00 | 330.00 | NOTE | |
r-patched-linux-x86_64 | 3.4.5 | 33.30 | 432.29 | 465.59 | NOTE | |
r-release-linux-x86_64 | 3.4.5 | 27.51 | 431.45 | 458.96 | OK | |
r-release-macos-arm64 | 3.4.5 | 131.00 | OK | |||
r-release-macos-x86_64 | 3.4.5 | 226.00 | OK | |||
r-release-windows-x86_64 | 3.4.5 | 32.00 | 404.00 | 436.00 | OK | |
r-oldrel-macos-arm64 | 3.4.5 | 127.00 | OK | |||
r-oldrel-windows-x86_64 | 3.4.5 | 35.00 | 383.00 | 418.00 | OK |
Version: 3.4.5
Check: Rd files
Result: NOTE
checkRd: (-1) branchClasses.Rd:15: Lost braces; missing escapes or markup?
15 | \item{whichExtant}{A logical vector with length equal to number of tips in the tree. A {TRUE} value indicates
| ^
checkRd: (-1) minCharChange.Rd:134: Lost braces; missing escapes or markup?
134 | an identical name in function \code{phyDat} in package {phangorn}.
| ^
checkRd: (-1) resolveTreeChar.Rd:98: Lost braces; missing escapes or markup?
98 | an identical name in function \code{phyDat} in package {phangorn}.
| ^
checkRd: (-1) simFossilRecord.Rd:44: Lost braces
44 | since its origination time is code{D},
| ^
Flavors: r-devel-linux-x86_64-debian-clang, r-devel-linux-x86_64-debian-gcc, r-devel-linux-x86_64-fedora-clang, r-devel-linux-x86_64-fedora-gcc, r-prerel-macos-arm64, r-prerel-windows-x86_64, r-patched-linux-x86_64