Last updated on 2025-01-19 05:49:16 CET.
Flavor | Version | Tinstall | Tcheck | Ttotal | Status | Flags |
---|---|---|---|---|---|---|
r-devel-linux-x86_64-debian-clang | 0.1.0 | 271.06 | 202.31 | 473.37 | OK | |
r-devel-linux-x86_64-debian-gcc | 0.1.0 | 224.24 | 162.83 | 387.07 | OK | |
r-devel-linux-x86_64-fedora-clang | 0.1.0 | 778.71 | OK | |||
r-devel-linux-x86_64-fedora-gcc | 0.1.0 | 958.30 | OK | |||
r-devel-windows-x86_64 | 0.1.0 | 242.00 | 257.00 | 499.00 | OK | |
r-patched-linux-x86_64 | 0.1.0 | 273.94 | 217.36 | 491.30 | OK | |
r-release-linux-x86_64 | 0.1.0 | 316.52 | 218.90 | 535.42 | OK | |
r-release-macos-arm64 | 0.1.0 | 192.00 | NOTE | |||
r-release-macos-x86_64 | 0.1.0 | 461.00 | NOTE | |||
r-release-windows-x86_64 | 0.1.0 | 241.00 | 248.00 | 489.00 | OK | |
r-oldrel-macos-arm64 | 0.1.0 | 187.00 | NOTE | |||
r-oldrel-macos-x86_64 | 0.1.0 | 355.00 | NOTE | |||
r-oldrel-windows-x86_64 | 0.1.0 | 331.00 | 310.00 | 641.00 | OK |
Version: 0.1.0
Check: installed package size
Result: NOTE
installed size is 84.1Mb
sub-directories of 1Mb or more:
libs 83.6Mb
Flavors: r-release-macos-arm64, r-release-macos-x86_64, r-oldrel-macos-arm64, r-oldrel-macos-x86_64
Version: 0.1.0
Check: for GNU extensions in Makefiles
Result: NOTE
GNU make is a SystemRequirements.
Flavors: r-release-macos-arm64, r-release-macos-x86_64, r-oldrel-macos-arm64, r-oldrel-macos-x86_64