CRAN Package Check Results for Package parallelDist

Last updated on 2025-01-19 05:49:16 CET.

Flavor Version Tinstall Tcheck Ttotal Status Flags
r-devel-linux-x86_64-debian-clang 0.2.6 45.79 87.48 133.27 NOTE
r-devel-linux-x86_64-debian-gcc 0.2.6 33.72 60.47 94.19 NOTE
r-devel-linux-x86_64-fedora-clang 0.2.6 249.65 NOTE
r-devel-linux-x86_64-fedora-gcc 0.2.6 277.66 NOTE
r-devel-windows-x86_64 0.2.6 51.00 171.00 222.00 NOTE
r-patched-linux-x86_64 0.2.6 45.56 79.20 124.76 NOTE
r-release-linux-x86_64 0.2.6 44.94 81.22 126.16 NOTE
r-release-macos-arm64 0.2.6 66.00 NOTE
r-release-macos-x86_64 0.2.6 94.00 NOTE
r-release-windows-x86_64 0.2.6 50.00 156.00 206.00 NOTE
r-oldrel-macos-arm64 0.2.6 74.00 NOTE
r-oldrel-macos-x86_64 0.2.6 142.00 NOTE
r-oldrel-windows-x86_64 0.2.6 53.00 171.00 224.00 NOTE

Check Details

Version: 0.2.6
Check: C++ specification
Result: NOTE Specified C++11: please drop specification unless essential Flavors: r-devel-linux-x86_64-debian-clang, r-devel-linux-x86_64-debian-gcc, r-devel-linux-x86_64-fedora-clang, r-devel-linux-x86_64-fedora-gcc, r-devel-windows-x86_64, r-patched-linux-x86_64, r-release-linux-x86_64, r-release-macos-arm64, r-release-macos-x86_64, r-release-windows-x86_64, r-oldrel-macos-arm64, r-oldrel-macos-x86_64, r-oldrel-windows-x86_64