Last updated on 2025-01-19 05:49:16 CET.
Flavor | Version | Tinstall | Tcheck | Ttotal | Status | Flags |
---|---|---|---|---|---|---|
r-devel-linux-x86_64-debian-clang | 1.5.1 | 3.20 | 49.77 | 52.97 | OK | |
r-devel-linux-x86_64-debian-gcc | 1.5.1 | 2.30 | 42.41 | 44.71 | OK | |
r-devel-linux-x86_64-fedora-clang | 1.5.1 | 83.07 | OK | |||
r-devel-linux-x86_64-fedora-gcc | 1.5.1 | 77.81 | OK | |||
r-devel-windows-x86_64 | 1.5.1 | 5.00 | 75.00 | 80.00 | OK | |
r-patched-linux-x86_64 | 1.5.1 | 3.10 | 46.64 | 49.74 | OK | |
r-release-linux-x86_64 | 1.5.1 | 2.52 | 46.61 | 49.13 | OK | |
r-release-macos-arm64 | 1.5.1 | 32.00 | NOTE | |||
r-release-macos-x86_64 | 1.5.1 | 47.00 | NOTE | |||
r-release-windows-x86_64 | 1.5.1 | 4.00 | 75.00 | 79.00 | OK | |
r-oldrel-macos-arm64 | 1.5.1 | 33.00 | NOTE | |||
r-oldrel-macos-x86_64 | 1.5.1 | 49.00 | NOTE | |||
r-oldrel-windows-x86_64 | 1.5.1 | 5.00 | 87.00 | 92.00 | OK |
Version: 1.5.1
Check: package dependencies
Result: NOTE
Package suggested but not available for checking: ‘Rmpi’
Flavors: r-release-macos-arm64, r-release-macos-x86_64, r-oldrel-macos-arm64, r-oldrel-macos-x86_64