CRAN Package Check Results for Package parallelpam

Last updated on 2025-01-19 05:49:16 CET.

Flavor Version Tinstall Tcheck Ttotal Status Flags
r-devel-linux-x86_64-debian-clang 1.4.3 152.18 30.45 182.63 OK
r-devel-linux-x86_64-debian-gcc 1.4.3 119.68 24.10 143.78 OK
r-devel-linux-x86_64-fedora-clang 1.4.3 360.15 OK
r-devel-linux-x86_64-fedora-gcc 1.4.3 513.75 OK
r-devel-windows-x86_64 1.4.3 155.00 84.00 239.00 OK
r-patched-linux-x86_64 1.4.3 167.89 28.83 196.72 OK
r-release-linux-x86_64 1.4.3 169.19 28.74 197.93 OK
r-release-macos-arm64 1.4.3 110.00 NOTE
r-release-macos-x86_64 1.4.3 170.00 NOTE
r-release-windows-x86_64 1.4.3 167.00 84.00 251.00 OK
r-oldrel-macos-arm64 1.4.3 122.00 NOTE
r-oldrel-macos-x86_64 1.4.3 225.00 NOTE
r-oldrel-windows-x86_64 1.4.3 173.00 99.00 272.00 OK

Check Details

Version: 1.4.3
Check: installed package size
Result: NOTE installed size is 16.5Mb sub-directories of 1Mb or more: libs 16.1Mb Flavors: r-release-macos-arm64, r-release-macos-x86_64, r-oldrel-macos-arm64, r-oldrel-macos-x86_64