CRAN Package Check Results for Package paramlink

Last updated on 2025-01-19 05:49:16 CET.

Flavor Version Tinstall Tcheck Ttotal Status Flags
r-devel-linux-x86_64-debian-clang 1.1-5 14.27 102.15 116.42 NOTE
r-devel-linux-x86_64-debian-gcc 1.1-5 9.90 67.50 77.40 NOTE
r-devel-linux-x86_64-fedora-clang 1.1-5 186.05 OK
r-devel-linux-x86_64-fedora-gcc 1.1-5 185.39 OK
r-devel-windows-x86_64 1.1-5 16.00 119.00 135.00 NOTE
r-patched-linux-x86_64 1.1-5 17.80 92.33 110.13 OK
r-release-linux-x86_64 1.1-5 14.34 93.70 108.04 OK
r-release-macos-arm64 1.1-5 49.00 OK
r-release-macos-x86_64 1.1-5 97.00 OK
r-release-windows-x86_64 1.1-5 16.00 126.00 142.00 OK
r-oldrel-macos-arm64 1.1-5 53.00 OK
r-oldrel-macos-x86_64 1.1-5 81.00 OK
r-oldrel-windows-x86_64 1.1-5 19.00 138.00 157.00 OK

Check Details

Version: 1.1-5
Check: Rd cross-references
Result: NOTE Found the following Rd file(s) with Rd \link{} targets missing package anchors: plot.linkdat.Rd: plot.pedigree Please provide package anchors for all Rd \link{} targets not in the package itself and the base packages. Flavors: r-devel-linux-x86_64-debian-clang, r-devel-linux-x86_64-debian-gcc, r-devel-windows-x86_64