CRAN Package Check Results for Package paramtest

Last updated on 2025-01-19 05:49:16 CET.

Flavor Version Tinstall Tcheck Ttotal Status Flags
r-devel-linux-x86_64-debian-clang 0.1.0 2.10 38.28 40.38 NOTE
r-devel-linux-x86_64-debian-gcc 0.1.0 1.75 28.42 30.17 NOTE
r-devel-linux-x86_64-fedora-clang 0.1.0 66.91 OK
r-devel-linux-x86_64-fedora-gcc 0.1.0 80.08 OK
r-devel-windows-x86_64 0.1.0 5.00 66.00 71.00 NOTE
r-patched-linux-x86_64 0.1.0 2.24 36.87 39.11 NOTE
r-release-linux-x86_64 0.1.0 2.01 36.07 38.08 NOTE
r-release-macos-arm64 0.1.0 27.00 NOTE
r-release-macos-x86_64 0.1.0 46.00 NOTE
r-release-windows-x86_64 0.1.0 3.00 64.00 67.00 NOTE
r-oldrel-macos-arm64 0.1.0 28.00 NOTE
r-oldrel-macos-x86_64 0.1.0 44.00 NOTE
r-oldrel-windows-x86_64 0.1.0 4.00 70.00 74.00 NOTE

Check Details

Version: 0.1.0
Check: Rd cross-references
Result: NOTE Found the following Rd file(s) with Rd \link{} targets missing package anchors: grid_search.Rd: boot random_search.Rd: boot run_test.Rd: boot Please provide package anchors for all Rd \link{} targets not in the package itself and the base packages. Flavors: r-devel-linux-x86_64-debian-clang, r-devel-linux-x86_64-debian-gcc, r-devel-windows-x86_64

Version: 0.1.0
Check: LazyData
Result: NOTE 'LazyData' is specified without a 'data' directory Flavors: r-patched-linux-x86_64, r-release-linux-x86_64, r-release-macos-arm64, r-release-macos-x86_64, r-release-windows-x86_64, r-oldrel-macos-arm64, r-oldrel-macos-x86_64, r-oldrel-windows-x86_64