Last updated on 2025-01-19 05:49:16 CET.
Flavor | Version | Tinstall | Tcheck | Ttotal | Status | Flags |
---|---|---|---|---|---|---|
r-devel-linux-x86_64-debian-clang | 0.1.0 | 9.67 | 87.29 | 96.96 | OK | |
r-devel-linux-x86_64-debian-gcc | 0.1.0 | 6.60 | 63.95 | 70.55 | OK | |
r-devel-linux-x86_64-fedora-clang | 0.1.0 | 158.84 | NOTE | |||
r-devel-linux-x86_64-fedora-gcc | 0.1.0 | 159.17 | NOTE | |||
r-devel-windows-x86_64 | 0.1.0 | 12.00 | 96.00 | 108.00 | OK | |
r-patched-linux-x86_64 | 0.1.0 | 9.57 | 82.07 | 91.64 | OK | |
r-release-linux-x86_64 | 0.1.0 | 8.22 | 82.09 | 90.31 | OK | |
r-release-macos-arm64 | 0.1.0 | 48.00 | OK | |||
r-release-macos-x86_64 | 0.1.0 | 71.00 | OK | |||
r-release-windows-x86_64 | 0.1.0 | 13.00 | 103.00 | 116.00 | OK | |
r-oldrel-macos-arm64 | 0.1.0 | 43.00 | OK | |||
r-oldrel-macos-x86_64 | 0.1.0 | 84.00 | OK | |||
r-oldrel-windows-x86_64 | 0.1.0 | 12.00 | 110.00 | 122.00 | OK |
Version: 0.1.0
Check: dependencies in R code
Result: NOTE
Namespace in Imports field not imported from: ‘flexsurv’
All declared Imports should be used.
Flavors: r-devel-linux-x86_64-fedora-clang, r-devel-linux-x86_64-fedora-gcc