Last updated on 2024-05-01 16:53:04 CEST.
Flavor | Version | Tinstall | Tcheck | Ttotal | Status | Flags |
---|---|---|---|---|---|---|
r-devel-linux-x86_64-debian-clang | 0.1.3 | 51.72 | 70.08 | 121.80 | OK | |
r-devel-linux-x86_64-debian-gcc | 0.1.3 | 40.40 | 53.66 | 94.06 | OK | |
r-devel-linux-x86_64-fedora-clang | 0.1.3 | 164.21 | OK | |||
r-devel-linux-x86_64-fedora-gcc | 0.1.3 | 176.42 | OK | |||
r-devel-windows-x86_64 | 0.1.3 | 42.00 | 99.00 | 141.00 | OK | |
r-patched-linux-x86_64 | 0.1.3 | 34.66 | 68.61 | 103.27 | OK | |
r-release-linux-x86_64 | 0.1.3 | 39.23 | 67.22 | 106.45 | OK | |
r-release-macos-arm64 | 0.1.3 | 53.00 | NOTE | |||
r-release-windows-x86_64 | 0.1.3 | 43.00 | 98.00 | 141.00 | OK | |
r-oldrel-macos-arm64 | 0.1.3 | 54.00 | NOTE | |||
r-oldrel-macos-x86_64 | 0.1.3 | 99.00 | NOTE | |||
r-oldrel-windows-x86_64 | 0.1.3 | 50.00 | 106.00 | 156.00 | OK |
Version: 0.1.3
Check: installed package size
Result: NOTE
installed size is 7.2Mb
sub-directories of 1Mb or more:
libs 6.8Mb
Flavors: r-release-macos-arm64, r-oldrel-macos-arm64, r-oldrel-macos-x86_64