Last updated on 2025-01-19 05:49:16 CET.
Flavor | Version | Tinstall | Tcheck | Ttotal | Status | Flags |
---|---|---|---|---|---|---|
r-devel-linux-x86_64-debian-clang | 0.1.3 | 31.35 | 56.21 | 87.56 | OK | |
r-devel-linux-x86_64-debian-gcc | 0.1.3 | 23.18 | 41.09 | 64.27 | OK | |
r-devel-linux-x86_64-fedora-clang | 0.1.3 | 147.11 | OK | |||
r-devel-linux-x86_64-fedora-gcc | 0.1.3 | 180.96 | OK | |||
r-devel-windows-x86_64 | 0.1.3 | 35.00 | 103.00 | 138.00 | OK | |
r-patched-linux-x86_64 | 0.1.3 | 29.68 | 52.01 | 81.69 | OK | |
r-release-linux-x86_64 | 0.1.3 | 28.67 | 52.90 | 81.57 | OK | |
r-release-macos-arm64 | 0.1.3 | 53.00 | NOTE | |||
r-release-macos-x86_64 | 0.1.3 | 69.00 | NOTE | |||
r-release-windows-x86_64 | 0.1.3 | 34.00 | 104.00 | 138.00 | OK | |
r-oldrel-macos-arm64 | 0.1.3 | 54.00 | NOTE | |||
r-oldrel-macos-x86_64 | 0.1.3 | 99.00 | NOTE | |||
r-oldrel-windows-x86_64 | 0.1.3 | 41.00 | 110.00 | 151.00 | OK |
Version: 0.1.3
Check: installed package size
Result: NOTE
installed size is 7.2Mb
sub-directories of 1Mb or more:
libs 6.8Mb
Flavors: r-release-macos-arm64, r-release-macos-x86_64, r-oldrel-macos-arm64, r-oldrel-macos-x86_64