Last updated on 2024-05-01 16:53:04 CEST.
Flavor | Version | Tinstall | Tcheck | Ttotal | Status | Flags |
---|---|---|---|---|---|---|
r-devel-linux-x86_64-debian-clang | 1.1.7 | 6.35 | 157.81 | 164.16 | OK | |
r-devel-linux-x86_64-debian-gcc | 1.1.7 | 4.56 | 114.33 | 118.89 | OK | |
r-devel-linux-x86_64-fedora-clang | 1.1.7 | 197.10 | OK | |||
r-devel-linux-x86_64-fedora-gcc | 1.1.7 | 200.61 | OK | |||
r-devel-windows-x86_64 | 1.1.7 | 6.00 | 129.00 | 135.00 | OK | |
r-patched-linux-x86_64 | 1.1.7 | 4.31 | 149.45 | 153.76 | OK | |
r-release-linux-x86_64 | 1.1.7 | 3.51 | 148.76 | 152.27 | OK | |
r-release-macos-arm64 | 1.1.7 | 56.00 | OK | |||
r-release-windows-x86_64 | 1.1.7 | 8.00 | 140.00 | 148.00 | OK | |
r-oldrel-macos-arm64 | 1.1.7 | 65.00 | NOTE | |||
r-oldrel-macos-x86_64 | 1.1.7 | 99.00 | NOTE | |||
r-oldrel-windows-x86_64 | 1.1.7 | 8.00 | 161.00 | 169.00 | OK |
Version: 1.1.7
Check: package dependencies
Result: NOTE
Package suggested but not available for checking: ‘anomalize’
Flavors: r-oldrel-macos-arm64, r-oldrel-macos-x86_64