Last updated on 2025-01-19 05:49:16 CET.
Flavor | Version | Tinstall | Tcheck | Ttotal | Status | Flags |
---|---|---|---|---|---|---|
r-devel-linux-x86_64-debian-clang | 1.0.0 | 33.56 | 81.29 | 114.85 | NOTE | |
r-devel-linux-x86_64-debian-gcc | 1.0.0 | 24.95 | 56.97 | 81.92 | NOTE | |
r-devel-linux-x86_64-fedora-clang | 1.0.0 | 207.48 | NOTE | |||
r-devel-linux-x86_64-fedora-gcc | 1.0.0 | 426.02 | NOTE | |||
r-devel-windows-x86_64 | 1.0.0 | 46.00 | 114.00 | 160.00 | NOTE | |
r-patched-linux-x86_64 | 1.0.0 | 35.88 | 76.67 | 112.55 | NOTE | |
r-release-linux-x86_64 | 1.0.0 | 33.79 | 76.67 | 110.46 | NOTE | |
r-release-macos-arm64 | 1.0.0 | 96.00 | NOTE | |||
r-release-macos-x86_64 | 1.0.0 | 178.00 | NOTE | |||
r-release-windows-x86_64 | 1.0.0 | 46.00 | 115.00 | 161.00 | NOTE | |
r-oldrel-macos-arm64 | 1.0.0 | 116.00 | NOTE | |||
r-oldrel-macos-x86_64 | 1.0.0 | 177.00 | NOTE | |||
r-oldrel-windows-x86_64 | 1.0.0 | 55.00 | 136.00 | 191.00 | NOTE |
Version: 1.0.0
Check: C++ specification
Result: NOTE
Specified C++11: please drop specification unless essential
Flavors: r-devel-linux-x86_64-debian-clang, r-devel-linux-x86_64-debian-gcc, r-devel-linux-x86_64-fedora-clang, r-devel-linux-x86_64-fedora-gcc, r-devel-windows-x86_64, r-patched-linux-x86_64, r-release-linux-x86_64, r-release-macos-arm64, r-release-macos-x86_64, r-release-windows-x86_64, r-oldrel-macos-arm64, r-oldrel-macos-x86_64, r-oldrel-windows-x86_64
Version: 1.0.0
Check: for GNU extensions in Makefiles
Result: NOTE
GNU make is a SystemRequirements.
Flavors: r-patched-linux-x86_64, r-release-linux-x86_64, r-release-macos-arm64, r-release-macos-x86_64, r-release-windows-x86_64, r-oldrel-macos-arm64, r-oldrel-macos-x86_64, r-oldrel-windows-x86_64