CRAN Package Check Results for Package patternplot

Last updated on 2020-10-26 11:51:12 CET.

Flavor Version Tinstall Tcheck Ttotal Status Flags
r-devel-linux-x86_64-debian-clang 1.0.0 61.89 210.65 272.54 NOTE
r-devel-linux-x86_64-debian-gcc 1.0.0 45.77 147.46 193.23 NOTE
r-devel-linux-x86_64-fedora-clang 1.0.0 374.47 NOTE
r-devel-linux-x86_64-fedora-gcc 1.0.0 343.47 NOTE
r-devel-windows-ix86+x86_64 1.0.0 145.00 332.00 477.00 NOTE
r-patched-linux-x86_64 1.0.0 55.31 201.48 256.79 NOTE
r-patched-solaris-x86 1.0.0 508.20 NOTE
r-release-linux-x86_64 1.0.0 53.85 196.97 250.82 NOTE
r-release-macos-x86_64 1.0.0 NOTE
r-release-windows-ix86+x86_64 1.0.0 113.00 242.00 355.00 NOTE
r-oldrel-macos-x86_64 1.0.0 NOTE
r-oldrel-windows-ix86+x86_64 1.0.0 128.00 260.00 388.00 NOTE

Check Details

Version: 1.0.0
Check: for GNU extensions in Makefiles
Result: NOTE
    GNU make is a SystemRequirements.
Flavors: r-devel-linux-x86_64-debian-clang, r-devel-linux-x86_64-debian-gcc, r-devel-linux-x86_64-fedora-clang, r-devel-linux-x86_64-fedora-gcc, r-devel-windows-ix86+x86_64, r-patched-linux-x86_64, r-patched-solaris-x86, r-release-linux-x86_64, r-release-macos-x86_64, r-release-windows-ix86+x86_64, r-oldrel-macos-x86_64, r-oldrel-windows-ix86+x86_64