Last updated on 2025-01-19 05:49:16 CET.
Flavor | Version | Tinstall | Tcheck | Ttotal | Status | Flags |
---|---|---|---|---|---|---|
r-devel-linux-x86_64-debian-clang | 0.7.0 | 1380.74 | 407.27 | 1788.01 | OK | |
r-devel-linux-x86_64-debian-gcc | 0.7.0 | 1227.57 | 266.36 | 1493.93 | OK | |
r-devel-linux-x86_64-fedora-clang | 0.7.0 | 2581.55 | OK | |||
r-devel-linux-x86_64-fedora-gcc | 0.7.0 | 1525.54 | OK | |||
r-devel-windows-x86_64 | 0.7.0 | 884.00 | 654.00 | 1538.00 | OK | |
r-patched-linux-x86_64 | 0.7.0 | 1331.59 | 378.37 | 1709.96 | OK | |
r-release-linux-x86_64 | 0.7.0 | 1624.42 | 381.49 | 2005.91 | OK | |
r-release-macos-arm64 | 0.7.0 | 794.00 | NOTE | |||
r-release-macos-x86_64 | 0.7.0 | 1261.00 | NOTE | |||
r-release-windows-x86_64 | 0.7.0 | 827.00 | 630.00 | 1457.00 | NOTE | |
r-oldrel-macos-arm64 | 0.7.0 | 1449.00 | NOTE | |||
r-oldrel-macos-x86_64 | 0.7.0 | 1786.00 | NOTE | |||
r-oldrel-windows-x86_64 | 0.7.0 | 1102.00 | 646.00 | 1748.00 | NOTE |
Version: 0.7.0
Check: installed package size
Result: NOTE
installed size is 11.2Mb
sub-directories of 1Mb or more:
R 7.9Mb
help 3.2Mb
Flavors: r-release-macos-arm64, r-release-macos-x86_64, r-release-windows-x86_64, r-oldrel-macos-arm64, r-oldrel-macos-x86_64, r-oldrel-windows-x86_64