Last updated on 2024-04-17 13:57:37 CEST.
Flavor | Version | Tinstall | Tcheck | Ttotal | Status | Flags |
---|---|---|---|---|---|---|
r-devel-linux-x86_64-debian-clang | 0.5.0 | 151.16 | 361.28 | 512.44 | OK | |
r-devel-linux-x86_64-debian-gcc | 0.5.0 | 130.99 | 259.36 | 390.35 | OK | |
r-devel-linux-x86_64-fedora-clang | 0.5.0 | 642.44 | NOTE | |||
r-devel-linux-x86_64-fedora-gcc | 0.5.0 | 617.37 | OK | |||
r-prerel-macos-arm64 | 0.5.0 | 148.00 | NOTE | |||
r-prerel-windows-x86_64 | 0.5.0 | 121.00 | 430.00 | 551.00 | NOTE | |
r-patched-linux-x86_64 | 0.5.0 | 186.84 | 340.62 | 527.46 | OK | |
r-release-linux-x86_64 | 0.5.0 | 129.36 | 338.06 | 467.42 | OK | |
r-release-macos-arm64 | 0.5.0 | 141.00 | NOTE | |||
r-release-macos-x86_64 | 0.5.0 | 260.00 | NOTE | |||
r-release-windows-x86_64 | 0.5.0 | 162.00 | 494.00 | 656.00 | NOTE | |
r-oldrel-macos-arm64 | 0.5.0 | 115.00 | NOTE | |||
r-oldrel-windows-x86_64 | 0.5.0 | 163.00 | 203.00 | 366.00 | NOTE |
Version: 0.5.0
Check: installed package size
Result: NOTE
installed size is 6.5Mb
sub-directories of 1Mb or more:
R 3.0Mb
help 3.3Mb
Flavors: r-devel-linux-x86_64-fedora-clang, r-prerel-macos-arm64, r-prerel-windows-x86_64, r-release-macos-arm64, r-release-macos-x86_64, r-release-windows-x86_64, r-oldrel-macos-arm64, r-oldrel-windows-x86_64