Last updated on 2025-01-19 05:49:16 CET.
Flavor | Version | Tinstall | Tcheck | Ttotal | Status | Flags |
---|---|---|---|---|---|---|
r-devel-linux-x86_64-debian-clang | 0.7.0 | 119.02 | 319.11 | 438.13 | OK | |
r-devel-linux-x86_64-debian-gcc | 0.7.0 | 69.33 | 205.51 | 274.84 | OK | |
r-devel-linux-x86_64-fedora-clang | 0.7.0 | 683.41 | OK | |||
r-devel-linux-x86_64-fedora-gcc | 0.7.0 | 683.18 | OK | |||
r-devel-windows-x86_64 | 0.7.0 | 115.00 | 0.00 | 115.00 | FAIL | |
r-patched-linux-x86_64 | 0.7.0 | 143.97 | 295.65 | 439.62 | OK | |
r-release-linux-x86_64 | 0.7.0 | 110.94 | 298.05 | 408.99 | OK | |
r-release-macos-arm64 | 0.7.0 | 169.00 | NOTE | |||
r-release-macos-x86_64 | 0.7.0 | 341.00 | NOTE | |||
r-release-windows-x86_64 | 0.7.0 | 108.00 | 682.00 | 790.00 | NOTE | |
r-oldrel-macos-arm64 | 0.7.0 | 171.00 | NOTE | |||
r-oldrel-macos-x86_64 | 0.7.0 | 337.00 | NOTE | |||
r-oldrel-windows-x86_64 | 0.7.0 | 137.00 | 649.00 | 786.00 | NOTE |
Version: 0.7.0
Check: PDF version of manual
Result: FAIL
Check process probably crashed or hung up for 20 minutes ... killed
Most likely this happened in the example checks (?),
if not, ignore the following last lines of example output:
> ### Title: Synthetics
> ### Aliases: synthetics
>
> ### ** Examples
>
> ## Not run:
> ##D svc <- synthetics()
> ##D svc$associate_resource(
> ##D Foo = 123
> ##D )
> ## End(Not run)
>
>
>
>
> ### * <FOOTER>
> ###
> cleanEx()
> options(digits = 7L)
> base::cat("Time elapsed: ", proc.time() - base::get("ptime", pos = 'CheckExEnv'),"\n")
Time elapsed: 2.17 0.04 2.25 NA NA
> grDevices::dev.off()
null device
1
> ###
> ### Local variables: ***
> ### mode: outline-minor ***
> ### outline-regexp: "\\(> \\)?### [*]+" ***
> ### End: ***
> quit('no')
======== End of example output (where/before crash/hang up occured ?) ========
Flavor: r-devel-windows-x86_64
Version: 0.7.0
Check: installed package size
Result: NOTE
installed size is 7.2Mb
sub-directories of 1Mb or more:
R 3.1Mb
help 4.0Mb
Flavors: r-release-macos-arm64, r-release-macos-x86_64, r-release-windows-x86_64, r-oldrel-macos-arm64, r-oldrel-macos-x86_64, r-oldrel-windows-x86_64